CRAN Package Check Results for Package tidycat

Last updated on 2021-01-19 00:47:40 CET.

Flavor Version Tinstall Tcheck Ttotal Status Flags
r-devel-linux-x86_64-debian-clang 0.1.1 1.87 36.75 38.62 OK
r-devel-linux-x86_64-debian-gcc 0.1.1 1.73 29.62 31.35 OK
r-devel-linux-x86_64-fedora-clang 0.1.1 60.35 NOTE
r-devel-linux-x86_64-fedora-gcc 0.1.1 47.12 NOTE
r-devel-windows-ix86+x86_64 0.1.1 4.00 44.00 48.00 OK
r-patched-linux-x86_64 0.1.1 2.09 35.56 37.65 OK
r-patched-solaris-x86 0.1.1 67.00 NOTE
r-release-linux-x86_64 0.1.1 2.03 35.58 37.61 OK
r-release-macos-x86_64 0.1.1 NOTE
r-release-windows-ix86+x86_64 0.1.1 5.00 42.00 47.00 OK
r-oldrel-macos-x86_64 0.1.1 NOTE
r-oldrel-windows-ix86+x86_64 0.1.1 3.00 44.00 47.00 OK

Check Details

Version: 0.1.1
Check: dependencies in R code
Result: NOTE
    Namespace in Imports field not imported from: ‘tidyr’
     All declared Imports should be used.
Flavors: r-devel-linux-x86_64-fedora-clang, r-devel-linux-x86_64-fedora-gcc, r-patched-solaris-x86, r-release-macos-x86_64, r-oldrel-macos-x86_64