CRAN Package Check Results for Package tidygapminder

Last updated on 2021-01-23 00:48:53 CET.

Flavor Version Tinstall Tcheck Ttotal Status Flags
r-devel-linux-x86_64-debian-clang 0.1.1 1.94 30.14 32.08 OK
r-devel-linux-x86_64-debian-gcc 0.1.1 1.57 23.81 25.38 OK
r-devel-linux-x86_64-fedora-clang 0.1.1 51.39 NOTE
r-devel-linux-x86_64-fedora-gcc 0.1.1 38.42 NOTE
r-devel-windows-ix86+x86_64 0.1.1 5.00 35.00 40.00 OK
r-patched-linux-x86_64 0.1.1 1.81 29.14 30.95 OK
r-patched-solaris-x86 0.1.1 57.10 NOTE
r-release-linux-x86_64 0.1.1 1.94 29.90 31.84 OK
r-release-macos-x86_64 0.1.1 NOTE
r-release-windows-ix86+x86_64 0.1.1 4.00 49.00 53.00 OK
r-oldrel-macos-x86_64 0.1.1 NOTE
r-oldrel-windows-ix86+x86_64 0.1.1 3.00 37.00 40.00 OK

Check Details

Version: 0.1.1
Check: dependencies in R code
Result: NOTE
    Namespace in Imports field not imported from: ‘dplyr’
     All declared Imports should be used.
Flavors: r-devel-linux-x86_64-fedora-clang, r-devel-linux-x86_64-fedora-gcc, r-patched-solaris-x86, r-release-macos-x86_64, r-oldrel-macos-x86_64