Last updated on 2023-03-23 06:52:38 CET.
Flavor | Version | Tinstall | Tcheck | Ttotal | Status | Flags |
---|---|---|---|---|---|---|
r-devel-linux-x86_64-debian-clang | 0.0.2 | 54.43 | 127.32 | 181.75 | NOTE | |
r-devel-linux-x86_64-debian-gcc | 0.0.2 | 42.91 | 94.30 | 137.21 | NOTE | |
r-devel-linux-x86_64-fedora-clang | 0.0.2 | 261.30 | NOTE | |||
r-devel-linux-x86_64-fedora-gcc | 0.0.2 | 220.47 | NOTE | |||
r-patched-linux-x86_64 | 0.0.2 | 42.06 | 112.95 | 155.01 | OK | |
r-release-linux-x86_64 | 0.0.2 | 36.00 | 115.73 | 151.73 | OK | |
r-release-macos-arm64 | 0.0.2 | 58.00 | OK | |||
r-release-macos-x86_64 | 0.0.2 | 100.00 | OK | |||
r-release-windows-x86_64 | 0.0.2 | 63.00 | 181.00 | 244.00 | OK | |
r-oldrel-macos-arm64 | 0.0.2 | 55.00 | OK | |||
r-oldrel-macos-x86_64 | 0.0.2 | 79.00 | OK | |||
r-oldrel-windows-ix86+x86_64 | 0.0.2 | 120.00 | 213.00 | 333.00 | OK |
Version: 0.0.2
Check: C++ specification
Result: NOTE
Specified C++11: please drop specification unless essential
Flavors: r-devel-linux-x86_64-debian-clang, r-devel-linux-x86_64-debian-gcc, r-devel-linux-x86_64-fedora-clang, r-devel-linux-x86_64-fedora-gcc
Version: 0.0.2
Check: Rd cross-references
Result: NOTE
Undeclared package ‘slam’ in Rd xrefs
Flavor: r-devel-linux-x86_64-fedora-clang