CRAN Package Check Results for Package tidylog

Last updated on 2021-11-29 00:48:44 CET.

Flavor Version Tinstall Tcheck Ttotal Status Flags
r-devel-linux-x86_64-debian-clang 1.0.2 NOTE
r-devel-linux-x86_64-debian-gcc 1.0.2 4.22 55.34 59.56 NOTE
r-devel-linux-x86_64-fedora-clang 1.0.2 104.16 NOTE
r-devel-linux-x86_64-fedora-gcc 1.0.2 85.25 NOTE
r-devel-windows-x86_64-new-UL 1.0.2 18.00 114.00 132.00 NOTE
r-devel-windows-x86_64-new-TK 1.0.2 NOTE
r-devel-windows-x86_64-old 1.0.2 8.00 94.00 102.00 NOTE
r-patched-linux-x86_64 1.0.2 5.15 63.13 68.28 NOTE
r-patched-solaris-x86 1.0.2 95.20 NOTE
r-release-linux-x86_64 1.0.2 4.02 64.01 68.03 NOTE
r-release-macos-arm64 1.0.2 NOTE
r-release-macos-x86_64 1.0.2 NOTE
r-release-windows-ix86+x86_64 1.0.2 13.00 68.00 81.00 NOTE
r-oldrel-macos-x86_64 1.0.2 OK
r-oldrel-windows-ix86+x86_64 1.0.2 13.00 98.00 111.00 OK

Check Details

Version: 1.0.2
Check: LazyData
Result: NOTE
     'LazyData' is specified without a 'data' directory
Flavors: r-devel-linux-x86_64-debian-clang, r-devel-linux-x86_64-debian-gcc, r-devel-linux-x86_64-fedora-clang, r-devel-linux-x86_64-fedora-gcc, r-devel-windows-x86_64-new-UL, r-devel-windows-x86_64-new-TK, r-devel-windows-x86_64-old, r-patched-linux-x86_64, r-patched-solaris-x86, r-release-linux-x86_64, r-release-macos-arm64, r-release-macos-x86_64, r-release-windows-ix86+x86_64