CRAN Package Check Results for Package tidymodels

Last updated on 2020-09-19 00:50:19 CEST.

Flavor Version Tinstall Tcheck Ttotal Status Flags
r-devel-linux-x86_64-debian-clang 0.1.1 14.07 128.39 142.46 OK
r-devel-linux-x86_64-debian-gcc 0.1.1 12.39 97.63 110.02 OK
r-devel-linux-x86_64-fedora-clang 0.1.1 194.42 NOTE
r-devel-linux-x86_64-fedora-gcc 0.1.1 180.92 NOTE
r-devel-windows-ix86+x86_64 0.1.1 36.00 120.00 156.00 OK
r-patched-linux-x86_64 0.1.1 13.14 123.92 137.06 OK
r-patched-solaris-x86 0.1.1 249.50 NOTE
r-release-linux-x86_64 0.1.1 13.72 126.61 140.33 OK
r-release-macos-x86_64 0.1.1 NOTE
r-release-windows-ix86+x86_64 0.1.1 38.00 164.00 202.00 OK
r-oldrel-macos-x86_64 0.1.1 NOTE
r-oldrel-windows-ix86+x86_64 0.1.1 31.00 152.00 183.00 OK

Check Details

Version: 0.1.1
Check: dependencies in R code
Result: NOTE
    Namespaces in Imports field not imported from:
     ‘modeldata’ ‘tidyr’
     All declared Imports should be used.
Flavors: r-devel-linux-x86_64-fedora-clang, r-devel-linux-x86_64-fedora-gcc, r-patched-solaris-x86, r-release-macos-x86_64, r-oldrel-macos-x86_64