CRAN Package Check Results for Package tidymodels

Last updated on 2021-06-17 01:50:26 CEST.

Flavor Version Tinstall Tcheck Ttotal Status Flags
r-devel-linux-x86_64-debian-clang 0.1.3 12.99 141.35 154.34 OK
r-devel-linux-x86_64-debian-gcc 0.1.3 12.33 105.47 117.80 OK
r-devel-linux-x86_64-fedora-clang 0.1.3 196.21 NOTE
r-devel-linux-x86_64-fedora-gcc 0.1.3 179.78 NOTE
r-devel-windows-x86_64 0.1.3 25.00 163.00 188.00 OK
r-devel-windows-x86_64-gcc10-UCRT 0.1.3 NOTE
r-patched-linux-x86_64 0.1.3 13.48 134.99 148.47 OK
r-patched-solaris-x86 0.1.3 257.70 NOTE
r-release-linux-x86_64 0.1.3 14.62 132.19 146.81 OK
r-release-macos-arm64 0.1.3 NOTE
r-release-macos-x86_64 0.1.3 NOTE
r-release-windows-ix86+x86_64 0.1.3 36.00 164.00 200.00 OK
r-oldrel-macos-x86_64 0.1.3 NOTE
r-oldrel-windows-ix86+x86_64 0.1.3 27.00 146.00 173.00 OK

Check Details

Version: 0.1.3
Check: dependencies in R code
Result: NOTE
    Namespaces in Imports field not imported from:
     ‘modeldata’ ‘workflowsets’
     All declared Imports should be used.
Flavors: r-devel-linux-x86_64-fedora-clang, r-devel-linux-x86_64-fedora-gcc, r-devel-windows-x86_64-gcc10-UCRT, r-patched-solaris-x86, r-release-macos-arm64, r-release-macos-x86_64, r-oldrel-macos-x86_64