CRAN Package Check Results for Package tidyposterior

Last updated on 2020-01-24 00:49:24 CET.

Flavor Version Tinstall Tcheck Ttotal Status Flags
r-devel-linux-x86_64-debian-clang 0.0.2 0.44 2.44 2.88 ERROR
r-devel-linux-x86_64-debian-gcc 0.0.2 0.25 1.91 2.16 ERROR
r-devel-linux-x86_64-fedora-clang 0.0.2 2.47 ERROR
r-devel-linux-x86_64-fedora-gcc 0.0.2 2.39 ERROR
r-devel-windows-ix86+x86_64 0.0.2 73.00 242.00 315.00 OK
r-devel-windows-ix86+x86_64-gcc8 0.0.2 79.00 183.00 262.00 OK
r-patched-linux-x86_64 0.0.2 0.23 2.33 2.56 ERROR
r-patched-solaris-x86 0.0.2 4.50 ERROR
r-release-linux-x86_64 0.0.2 0.23 2.33 2.56 ERROR
r-release-windows-ix86+x86_64 0.0.2 38.00 260.00 298.00 OK
r-release-osx-x86_64 0.0.2 OK
r-oldrel-windows-ix86+x86_64 0.0.2 23.00 145.00 168.00 OK
r-oldrel-osx-x86_64 0.0.2 OK

Check Details

Version: 0.0.2
Check: package dependencies
Result: ERROR
    Package required but not available: 'rstanarm'
    
    See section 'The DESCRIPTION file' in the 'Writing R Extensions'
    manual.
Flavors: r-devel-linux-x86_64-debian-clang, r-devel-linux-x86_64-debian-gcc, r-devel-linux-x86_64-fedora-clang, r-devel-linux-x86_64-fedora-gcc, r-patched-linux-x86_64, r-patched-solaris-x86, r-release-linux-x86_64