CRAN Package Check Results for Package tidyposterior

Last updated on 2020-08-08 02:03:19 CEST.

Flavor Version Tinstall Tcheck Ttotal Status Flags
r-devel-linux-x86_64-debian-clang 0.0.3 14.29 193.11 207.40 OK
r-devel-linux-x86_64-debian-gcc 0.0.3 12.02 144.85 156.87 OK
r-devel-linux-x86_64-fedora-clang 0.0.3 260.21 OK
r-devel-linux-x86_64-fedora-gcc 0.0.3 255.17 OK
r-devel-windows-ix86+x86_64 0.0.3 57.00 221.00 278.00 OK
r-patched-linux-x86_64 0.0.3 0.29 2.63 2.92 ERROR
r-patched-solaris-x86 0.0.3 373.60 OK
r-release-linux-x86_64 0.0.3 18.57 188.66 207.23 OK
r-release-macos-x86_64 0.0.3 OK
r-release-windows-ix86+x86_64 0.0.3 36.00 202.00 238.00 OK
r-oldrel-macos-x86_64 0.0.3 OK
r-oldrel-windows-ix86+x86_64 0.0.3 44.00 204.00 248.00 OK

Check Details

Version: 0.0.3
Check: package dependencies
Result: ERROR
    Package required but not available: ‘rstanarm’
    
    See section ‘The DESCRIPTION file’ in the ‘Writing R Extensions’
    manual.
Flavor: r-patched-linux-x86_64