Last updated on 2023-06-03 08:05:58 CEST.
Flavor | Version | Tinstall | Tcheck | Ttotal | Status | Flags |
---|---|---|---|---|---|---|
r-devel-linux-x86_64-debian-clang | 1.5.1 | 10.32 | 233.87 | 244.19 | OK | |
r-devel-linux-x86_64-debian-gcc | 1.5.1 | 9.40 | 173.07 | 182.47 | OK | |
r-devel-linux-x86_64-fedora-clang | 1.5.1 | 284.01 | NOTE | |||
r-devel-linux-x86_64-fedora-gcc | 1.5.1 | 278.34 | OK | |||
r-devel-windows-x86_64 | 1.5.1 | 13.00 | 211.00 | 224.00 | NOTE | |
r-patched-linux-x86_64 | 1.5.1 | OK | ||||
r-release-linux-x86_64 | 1.5.1 | 8.44 | 210.42 | 218.86 | OK | |
r-release-macos-arm64 | 1.5.1 | 106.00 | NOTE | |||
r-release-macos-x86_64 | 1.5.0 | 170.00 | NOTE | |||
r-release-windows-x86_64 | 1.5.1 | 15.00 | 247.00 | 262.00 | NOTE | |
r-oldrel-macos-arm64 | 1.5.1 | 104.00 | NOTE | |||
r-oldrel-macos-x86_64 | 1.5.1 | 129.00 | NOTE | |||
r-oldrel-windows-x86_64 | 1.5.1 | 15.00 | 238.00 | 253.00 | NOTE |
Version: 1.5.1
Check: installed package size
Result: NOTE
installed size is 6.9Mb
sub-directories of 1Mb or more:
doc 1.9Mb
extdata 4.5Mb
Flavors: r-devel-linux-x86_64-fedora-clang, r-devel-windows-x86_64, r-release-macos-arm64, r-release-windows-x86_64, r-oldrel-macos-arm64, r-oldrel-macos-x86_64, r-oldrel-windows-x86_64
Version: 1.5.0
Check: installed package size
Result: NOTE
installed size is 7.1Mb
sub-directories of 1Mb or more:
doc 2.1Mb
extdata 4.5Mb
Flavor: r-release-macos-x86_64