CRAN Package Check Results for Package tidytuesdayR

Last updated on 2021-12-06 00:48:45 CET.

Flavor Version Tinstall Tcheck Ttotal Status Flags
r-devel-linux-x86_64-debian-clang 1.0.1 7.40 70.26 77.66 NOTE
r-devel-linux-x86_64-debian-gcc 1.0.1 5.74 55.44 61.18 NOTE
r-devel-linux-x86_64-fedora-clang 1.0.1 96.86 NOTE
r-devel-linux-x86_64-fedora-gcc 1.0.1 80.16 NOTE
r-devel-windows-x86_64-new-UL 1.0.1 16.00 107.00 123.00 NOTE
r-devel-windows-x86_64-new-TK 1.0.1 NOTE
r-devel-windows-x86_64-old 1.0.1 11.00 70.00 81.00 NOTE
r-patched-linux-x86_64 1.0.1 6.66 57.94 64.60 NOTE
r-release-linux-x86_64 1.0.1 6.40 66.49 72.89 NOTE
r-release-macos-arm64 1.0.1 NOTE
r-release-macos-x86_64 1.0.1 NOTE
r-release-windows-ix86+x86_64 1.0.1 17.00 85.00 102.00 NOTE
r-oldrel-macos-x86_64 1.0.1 OK
r-oldrel-windows-ix86+x86_64 1.0.1 18.00 108.00 126.00 OK

Check Details

Version: 1.0.1
Check: LazyData
Result: NOTE
     'LazyData' is specified without a 'data' directory
Flavors: r-devel-linux-x86_64-debian-clang, r-devel-linux-x86_64-debian-gcc, r-devel-linux-x86_64-fedora-clang, r-devel-linux-x86_64-fedora-gcc, r-devel-windows-x86_64-new-UL, r-devel-windows-x86_64-new-TK, r-devel-windows-x86_64-old, r-patched-linux-x86_64, r-release-linux-x86_64, r-release-macos-arm64, r-release-macos-x86_64, r-release-windows-ix86+x86_64