Last updated on 2023-10-01 08:52:13 CEST.
Flavor | Version | Tinstall | Tcheck | Ttotal | Status | Flags |
---|---|---|---|---|---|---|
r-devel-linux-x86_64-debian-clang | 0.5.7 | 7.37 | 119.08 | 126.45 | OK | |
r-devel-linux-x86_64-debian-gcc | 0.5.7 | 7.63 | 88.53 | 96.16 | OK | |
r-devel-linux-x86_64-fedora-clang | 0.5.7 | 155.64 | NOTE | |||
r-devel-linux-x86_64-fedora-gcc | 0.5.7 | 144.97 | NOTE | |||
r-devel-windows-x86_64 | 0.5.7 | 9.00 | 139.00 | 148.00 | OK | |
r-patched-linux-x86_64 | 0.5.7 | 12.05 | 114.79 | 126.84 | OK | |
r-release-linux-x86_64 | 0.5.7 | 5.71 | 114.72 | 120.43 | OK | |
r-release-macos-arm64 | 0.5.7 | 65.00 | OK | |||
r-release-macos-x86_64 | 0.5.7 | 86.00 | OK | |||
r-release-windows-x86_64 | 0.5.7 | 19.00 | 162.00 | 181.00 | OK | |
r-oldrel-macos-arm64 | 0.5.7 | 49.00 | OK | |||
r-oldrel-macos-x86_64 | 0.5.7 | 72.00 | OK | |||
r-oldrel-windows-x86_64 | 0.5.7 | 13.00 | 140.00 | 153.00 | OK |
Version: 0.5.7
Check: data for non-ASCII characters
Result: NOTE
Note: found 4581 marked UTF-8 strings
Flavors: r-devel-linux-x86_64-fedora-clang, r-devel-linux-x86_64-fedora-gcc