Last updated on 2021-04-20 01:47:23 CEST.
Flavor | Version | Tinstall | Tcheck | Ttotal | Status | Flags |
---|---|---|---|---|---|---|
r-devel-linux-x86_64-debian-clang | 1.0.7 | 190.29 | 63.87 | 254.16 | OK | |
r-devel-linux-x86_64-debian-gcc | 1.0.7 | 121.24 | 48.01 | 169.25 | OK | |
r-devel-linux-x86_64-fedora-clang | 1.0.7 | 363.88 | NOTE | |||
r-devel-linux-x86_64-fedora-gcc | 1.0.7 | 336.63 | OK | |||
r-devel-windows-ix86+x86_64 | 1.0.7 | 428.00 | 98.00 | 526.00 | OK | |
r-devel-windows-x86_64-gcc10-UCRT | 1.0.7 | OK | ||||
r-patched-linux-x86_64 | 1.0.7 | 143.26 | 61.25 | 204.51 | OK | |
r-patched-solaris-x86 | 1.0.7 | 273.80 | OK | |||
r-release-linux-x86_64 | 1.0.7 | 145.07 | 60.94 | 206.01 | OK | |
r-release-macos-x86_64 | 1.0.7 | NOTE | ||||
r-release-windows-ix86+x86_64 | 1.0.7 | 426.00 | 104.00 | 530.00 | OK | |
r-oldrel-macos-x86_64 | 1.0.7 | NOTE | ||||
r-oldrel-windows-ix86+x86_64 | 1.0.7 | 307.00 | 122.00 | 429.00 | OK |
Version: 1.0.7
Check: installed package size
Result: NOTE
installed size is 9.5Mb
sub-directories of 1Mb or more:
libs 8.5Mb
Flavors: r-devel-linux-x86_64-fedora-clang, r-release-macos-x86_64, r-oldrel-macos-x86_64