CRAN Package Check Results for Package tilegramsR

Last updated on 2019-10-23 01:46:35 CEST.

Flavor Version Tinstall Tcheck Ttotal Status Flags
r-devel-linux-x86_64-debian-clang 0.2.0 4.51 37.14 41.65 OK
r-devel-linux-x86_64-debian-gcc 0.2.0 3.71 30.11 33.82 OK
r-devel-linux-x86_64-fedora-clang 0.2.0 52.95 NOTE
r-devel-linux-x86_64-fedora-gcc 0.2.0 52.75 NOTE
r-devel-windows-ix86+x86_64 0.2.0 12.00 72.00 84.00 OK
r-patched-linux-x86_64 0.2.0 4.50 37.49 41.99 OK
r-patched-solaris-x86 0.2.0 85.60 NOTE
r-release-linux-x86_64 0.2.0 4.24 37.34 41.58 OK
r-release-windows-ix86+x86_64 0.2.0 16.00 51.00 67.00 OK
r-release-osx-x86_64 0.2.0 NOTE
r-oldrel-windows-ix86+x86_64 0.2.0 10.00 72.00 82.00 OK
r-oldrel-osx-x86_64 0.2.0 NOTE

Check Details

Version: 0.2.0
Check: dependencies in R code
Result: NOTE
    Namespace in Imports field not imported from: ‘sp’
     All declared Imports should be used.
Flavors: r-devel-linux-x86_64-fedora-clang, r-devel-linux-x86_64-fedora-gcc, r-patched-solaris-x86, r-release-osx-x86_64, r-oldrel-osx-x86_64

Version: 0.2.0
Check: data for non-ASCII characters
Result: NOTE
     Note: found 341 marked UTF-8 strings
Flavors: r-devel-linux-x86_64-fedora-clang, r-devel-linux-x86_64-fedora-gcc, r-patched-solaris-x86, r-release-osx-x86_64, r-oldrel-osx-x86_64