CRAN Package Check Results for Package tilegramsR

Last updated on 2020-06-01 01:51:13 CEST.

Flavor Version Tinstall Tcheck Ttotal Status Flags
r-devel-linux-x86_64-debian-clang 0.2.0 4.87 40.22 45.09 OK
r-devel-linux-x86_64-debian-gcc 0.2.0 4.20 31.82 36.02 OK
r-devel-linux-x86_64-fedora-clang 0.2.0 69.41 NOTE
r-devel-linux-x86_64-fedora-gcc 0.2.0 56.91 NOTE
r-devel-windows-ix86+x86_64 0.2.0 17.00 114.00 131.00 OK
r-patched-linux-x86_64 0.2.0 5.07 40.59 45.66 OK
r-patched-solaris-x86 0.2.0 93.30 NOTE
r-release-linux-x86_64 0.2.0 4.68 40.56 45.24 OK
r-release-osx-x86_64 0.2.0 NOTE
r-release-windows-ix86+x86_64 0.2.0 12.00 109.00 121.00 OK
r-oldrel-osx-x86_64 0.2.0 NOTE
r-oldrel-windows-ix86+x86_64 0.2.0 9.00 55.00 64.00 OK

Check Details

Version: 0.2.0
Check: dependencies in R code
Result: NOTE
    Namespace in Imports field not imported from: ‘sp’
     All declared Imports should be used.
Flavors: r-devel-linux-x86_64-fedora-clang, r-devel-linux-x86_64-fedora-gcc, r-patched-solaris-x86, r-release-osx-x86_64, r-oldrel-osx-x86_64

Version: 0.2.0
Check: data for non-ASCII characters
Result: NOTE
     Note: found 341 marked UTF-8 strings
Flavors: r-devel-linux-x86_64-fedora-clang, r-devel-linux-x86_64-fedora-gcc, r-patched-solaris-x86, r-release-osx-x86_64, r-oldrel-osx-x86_64