CRAN Package Check Results for Package timechange

Last updated on 2021-12-08 01:52:00 CET.

Flavor Version Tinstall Tcheck Ttotal Status Flags
r-devel-linux-x86_64-debian-clang 0.0.2 59.71 40.14 99.85 NOTE
r-devel-linux-x86_64-debian-gcc 0.0.2 42.01 31.92 73.93 NOTE
r-devel-linux-x86_64-fedora-clang 0.0.2 167.95 NOTE
r-devel-linux-x86_64-fedora-gcc 0.0.2 124.38 NOTE
r-devel-windows-x86_64-new-UL 0.0.2 80.00 97.00 177.00 NOTE
r-devel-windows-x86_64-new-TK 0.0.2 NOTE
r-devel-windows-x86_64-old 0.0.2 80.00 53.00 133.00 NOTE
r-patched-linux-x86_64 0.0.2 51.60 40.97 92.57 NOTE
r-release-linux-x86_64 0.0.2 54.43 39.69 94.12 NOTE
r-release-macos-arm64 0.0.2 NOTE
r-release-macos-x86_64 0.0.2 NOTE
r-release-windows-ix86+x86_64 0.0.2 135.00 87.00 222.00 NOTE
r-oldrel-macos-x86_64 0.0.2 OK
r-oldrel-windows-ix86+x86_64 0.0.2 165.00 85.00 250.00 OK

Check Details

Version: 0.0.2
Check: LazyData
Result: NOTE
     'LazyData' is specified without a 'data' directory
Flavors: r-devel-linux-x86_64-debian-clang, r-devel-linux-x86_64-debian-gcc, r-devel-linux-x86_64-fedora-clang, r-devel-linux-x86_64-fedora-gcc, r-devel-windows-x86_64-new-UL, r-devel-windows-x86_64-new-TK, r-devel-windows-x86_64-old, r-patched-linux-x86_64, r-release-linux-x86_64, r-release-macos-arm64, r-release-macos-x86_64, r-release-windows-ix86+x86_64