CRAN Package Check Results for Package timereg

Last updated on 2020-09-25 01:48:58 CEST.

Flavor Version Tinstall Tcheck Ttotal Status Flags
r-devel-linux-x86_64-debian-clang 1.9.7 55.08 153.26 208.34 NOTE
r-devel-linux-x86_64-debian-gcc 1.9.7 43.59 124.55 168.14 NOTE
r-devel-linux-x86_64-fedora-clang 1.9.7 305.57 NOTE
r-devel-linux-x86_64-fedora-gcc 1.9.7 266.57 NOTE
r-devel-windows-ix86+x86_64 1.9.7 126.00 215.00 341.00 OK
r-patched-linux-x86_64 1.9.7 49.48 152.11 201.59 NOTE
r-patched-solaris-x86 1.9.7 407.00 NOTE
r-release-linux-x86_64 1.9.7 48.09 152.97 201.06 NOTE
r-release-macos-x86_64 1.9.7 OK
r-release-windows-ix86+x86_64 1.9.7 107.00 255.00 362.00 OK
r-oldrel-macos-x86_64 1.9.7 OK
r-oldrel-windows-ix86+x86_64 1.9.7 84.00 235.00 319.00 OK

Check Details

Version: 1.9.7
Check: package dependencies
Result: NOTE
    Package suggested but not available for checking: 'mets'
Flavors: r-devel-linux-x86_64-debian-clang, r-devel-linux-x86_64-debian-gcc, r-devel-linux-x86_64-fedora-clang, r-devel-linux-x86_64-fedora-gcc, r-patched-linux-x86_64, r-patched-solaris-x86, r-release-linux-x86_64