CRAN Package Check Results for Package timetk

Last updated on 2022-01-28 00:49:11 CET.

Flavor Version Tinstall Tcheck Ttotal Status Flags
r-devel-linux-x86_64-debian-clang 2.7.0 25.60 381.20 406.80 OK
r-devel-linux-x86_64-debian-gcc 2.7.0 19.07 277.78 296.85 OK
r-devel-linux-x86_64-fedora-clang 2.7.0 489.42 NOTE
r-devel-linux-x86_64-fedora-gcc 2.7.0 473.10 NOTE
r-devel-windows-x86_64-new-UL 2.7.0 178.00 426.00 604.00 OK
r-devel-windows-x86_64-new-TK 2.7.0 NOTE
r-patched-linux-x86_64 2.7.0 31.47 348.31 379.78 OK
r-release-linux-x86_64 2.7.0 14.75 352.61 367.36 NOTE
r-release-macos-arm64 2.7.0 NOTE
r-release-macos-x86_64 2.7.0 NOTE
r-release-windows-ix86+x86_64 2.7.0 50.00 344.00 394.00 OK
r-oldrel-macos-x86_64 2.7.0 NOTE
r-oldrel-windows-ix86+x86_64 2.7.0 50.00 334.00 384.00 OK

Check Details

Version: 2.7.0
Check: package dependencies
Result: NOTE
    Imports includes 26 non-default packages.
    Importing from so many packages makes the package vulnerable to any of
    them becoming unavailable. Move as many as possible to Suggests and
    use conditionally.
Flavor: r-devel-linux-x86_64-fedora-clang

Version: 2.7.0
Check: data for non-ASCII characters
Result: NOTE
     Note: found 2750 marked UTF-8 strings
Flavors: r-devel-linux-x86_64-fedora-clang, r-devel-linux-x86_64-fedora-gcc, r-devel-windows-x86_64-new-TK, r-release-macos-arm64, r-release-macos-x86_64, r-oldrel-macos-x86_64

Version: 2.7.0
Check: package dependencies
Result: NOTE
    Package suggested but not available for checking: ‘modeltime’
Flavor: r-release-linux-x86_64