Last updated on 2023-06-07 08:02:04 CEST.
Flavor | Version | Tinstall | Tcheck | Ttotal | Status | Flags |
---|---|---|---|---|---|---|
r-devel-linux-x86_64-debian-clang | 2.1.0 | 3.99 | 41.79 | 45.78 | OK | |
r-devel-linux-x86_64-debian-gcc | 2.1.0 | 3.12 | 32.74 | 35.86 | OK | |
r-devel-linux-x86_64-fedora-clang | 2.1.0 | 57.30 | OK | |||
r-devel-linux-x86_64-fedora-gcc | 2.1.0 | 54.73 | OK | |||
r-devel-windows-x86_64 | 2.1.0 | 6.00 | 58.00 | 64.00 | OK | |
r-patched-linux-x86_64 | 2.1.0 | 4.43 | 41.08 | 45.51 | OK | |
r-release-linux-x86_64 | 2.1.0 | 2.57 | 40.22 | 42.79 | OK | |
r-release-macos-arm64 | 2.1.0 | 23.00 | OK | |||
r-release-macos-x86_64 | 2.1.0 | 33.00 | OK | |||
r-release-windows-x86_64 | 2.1.0 | 5.00 | 62.00 | 67.00 | OK | |
r-oldrel-macos-arm64 | 2.1.0 | 31.00 | ERROR | |||
r-oldrel-macos-x86_64 | 2.1.0 | 37.00 | ERROR | |||
r-oldrel-windows-x86_64 | 2.1.0 | 6.00 | 64.00 | 70.00 | OK |
Version: 2.1.0
Check: PDF version of manual
Result: WARN
LaTeX errors when creating PDF version.
This typically indicates Rd problems.
LaTeX errors found:
! Illegal parameter number in definition of \[email protected].
<to be read again>
D
l.967 visjs documentation}}
.
! Illegal parameter number in definition of \[email protected].
<to be read again>
D
l.967 visjs documentation}}
.
! Illegal parameter number in definition of \[email protected].
<to be read again>
D
l.967 visjs documentation}}
.
! Illegal parameter number in definition of \[email protected].
<to be read again>
g
l.1023 visjs documentation}}
.
! Illegal parameter number in definition of \[email protected].
<to be read again>
g
l.1023 visjs documentation}}
.
! Illegal parameter number in definition of \[email protected].
<to be read again>
g
l.1023 visjs documentation}}
.
Flavors: r-oldrel-macos-arm64, r-oldrel-macos-x86_64
Version: 2.1.0
Check: PDF version of manual without index
Result: ERROR
Flavors: r-oldrel-macos-arm64, r-oldrel-macos-x86_64