CRAN Package Check Results for Package tinyarray

Last updated on 2023-03-24 05:52:28 CET.

Flavor Version Tinstall Tcheck Ttotal Status Flags
r-devel-linux-x86_64-debian-clang 2.2.9 40.25 387.53 427.78 OK
r-devel-linux-x86_64-debian-gcc 2.2.9 33.52 287.26 320.78 OK
r-devel-linux-x86_64-fedora-clang 2.2.9 550.07 NOTE
r-devel-linux-x86_64-fedora-gcc 2.2.9 547.80 NOTE
r-patched-linux-x86_64 2.2.9 39.31 347.58 386.89 OK
r-release-linux-x86_64 2.2.9 42.32 349.29 391.61 OK
r-release-macos-arm64 2.2.9 80.00 OK
r-release-macos-x86_64 2.2.9 169.00 OK
r-release-windows-x86_64 2.2.9 75.00 408.00 483.00 OK
r-oldrel-macos-arm64 2.2.9 100.00 OK
r-oldrel-macos-x86_64 2.2.9 158.00 OK
r-oldrel-windows-ix86+x86_64 2.2.9 79.00 385.00 464.00 OK

Check Details

Version: 2.2.9
Check: data for non-ASCII characters
Result: NOTE
     Note: found 2 marked UTF-8 strings
Flavors: r-devel-linux-x86_64-fedora-clang, r-devel-linux-x86_64-fedora-gcc