CRAN Package Check Results for Package tinytex

Last updated on 2020-02-28 00:48:11 CET.

Flavor Version Tinstall Tcheck Ttotal Status Flags
r-devel-linux-x86_64-debian-clang 0.19 2.98 25.40 28.38 OK
r-devel-linux-x86_64-debian-gcc 0.20 2.30 20.76 23.06 OK
r-devel-linux-x86_64-fedora-clang 0.20 48.46 OK
r-devel-linux-x86_64-fedora-gcc 0.20 45.42 OK
r-devel-windows-ix86+x86_64 0.20 8.00 45.00 53.00 OK
r-devel-windows-ix86+x86_64-gcc8 0.19 7.00 37.00 44.00 OK
r-patched-linux-x86_64 0.20 2.10 24.45 26.55 OK
r-patched-solaris-x86 0.20 74.80 OK
r-release-linux-x86_64 0.20 1.92 24.44 26.36 OK
r-release-windows-ix86+x86_64 0.20 7.00 53.00 60.00 OK
r-release-osx-x86_64 0.20 NOTE
r-oldrel-windows-ix86+x86_64 0.19 3.00 40.00 43.00 OK
r-oldrel-osx-x86_64 0.20 NOTE

Check Details

Version: 0.20
Check: dependencies in R code
Result: NOTE
    No protocol specified
    No protocol specified
Flavors: r-release-osx-x86_64, r-oldrel-osx-x86_64