CRAN Package Check Results for Package tinytex

Last updated on 2020-07-11 02:09:37 CEST.

Flavor Version Tinstall Tcheck Ttotal Status Flags
r-devel-linux-x86_64-debian-clang 0.24 2.82 24.70 27.52 OK
r-devel-linux-x86_64-debian-gcc 0.24 2.36 19.91 22.27 OK
r-devel-linux-x86_64-fedora-clang 0.24 39.76 OK
r-devel-linux-x86_64-fedora-gcc 0.24 30.56 OK
r-devel-windows-ix86+x86_64 0.24 10.00 51.00 61.00 OK
r-patched-linux-x86_64 0.24 2.53 25.12 27.65 OK
r-patched-solaris-x86 0.24 47.60 ERROR
r-release-linux-x86_64 0.24 2.67 24.77 27.44 OK
r-release-osx-x86_64 0.24 OK
r-release-windows-ix86+x86_64 0.24 11.00 47.00 58.00 OK
r-oldrel-osx-x86_64 0.24 NOTE
r-oldrel-windows-ix86+x86_64 0.24 9.00 45.00 54.00 OK

Check Details

Version: 0.24
Check: examples
Result: ERROR
    Running examples in ‘tinytex-Ex.R’ failed
    The error most likely occurred in:
    
    > ### Name: tlmgr
    > ### Title: Run the TeX Live Manager
    > ### Aliases: tlmgr tlmgr_search tlmgr_install tlmgr_remove tlmgr_update
    > ### tlmgr_path tlmgr_conf
    >
    > ### ** Examples
    >
    > # search for a package that contains titling.sty
    > tlmgr_search('titling.sty')
    Error in switch(os_index, win_app_dir("TinyTeX"), "~/.TinyTeX", "~/Library/TinyTeX") :
     EXPR must be a length 1 vector
    Calls: tlmgr_search ... file.path -> list.files -> file.path -> default_inst
    Execution halted
Flavor: r-patched-solaris-x86

Version: 0.24
Check: dependencies in R code
Result: NOTE
    No protocol specified
    No protocol specified
Flavor: r-oldrel-osx-x86_64