CRAN Package Check Results for Package tm

Last updated on 2020-07-12 02:47:01 CEST.

Flavor Version Tinstall Tcheck Ttotal Status Flags
r-devel-linux-x86_64-debian-clang 0.7-7 41.05 58.51 99.56 NOTE
r-devel-linux-x86_64-debian-gcc 0.7-7 26.19 46.03 72.22 NOTE
r-devel-linux-x86_64-fedora-clang 0.7-7 126.85 NOTE
r-devel-linux-x86_64-fedora-gcc 0.7-7 113.52 NOTE
r-devel-windows-ix86+x86_64 0.7-7 87.00 143.00 230.00 NOTE
r-patched-linux-x86_64 0.7-7 31.48 58.57 90.05 NOTE
r-patched-solaris-x86 0.7-7 134.60 NOTE
r-release-linux-x86_64 0.7-7 32.08 58.48 90.56 NOTE
r-release-macos-x86_64 0.7-7 NOTE
r-release-windows-ix86+x86_64 0.7-7 85.00 113.00 198.00 NOTE
r-oldrel-macos-x86_64 0.7-7 NOTE
r-oldrel-windows-ix86+x86_64 0.7-7 85.00 141.00 226.00 NOTE

Check Details

Version: 0.7-7
Check: package dependencies
Result: NOTE
    Packages suggested but not available for checking:
     'Rcampdf', 'tm.lexicon.GeneralInquirer'
Flavors: r-devel-linux-x86_64-debian-clang, r-devel-linux-x86_64-debian-gcc, r-devel-linux-x86_64-fedora-clang, r-devel-linux-x86_64-fedora-gcc, r-patched-linux-x86_64, r-patched-solaris-x86, r-release-linux-x86_64

Version: 0.7-7
Check: Rd cross-references
Result: NOTE
    Undeclared packages ‘tm.plugin.dc’, ‘readtext’, ‘graph’, ‘tau’, ‘tokenizers’ in Rd xrefs
Flavor: r-devel-linux-x86_64-fedora-clang

Version: 0.7-7
Check: package dependencies
Result: NOTE
    Packages suggested but not available for checking:
     'Rcampdf', 'Rpoppler', 'tm.lexicon.GeneralInquirer'
Flavors: r-devel-windows-ix86+x86_64, r-release-macos-x86_64, r-release-windows-ix86+x86_64, r-oldrel-macos-x86_64, r-oldrel-windows-ix86+x86_64

Version: 0.7-7
Check: Rd cross-references
Result: NOTE
    Package unavailable to check Rd xrefs: 'Rpoppler'
Flavors: r-devel-windows-ix86+x86_64, r-release-macos-x86_64, r-release-windows-ix86+x86_64, r-oldrel-macos-x86_64, r-oldrel-windows-ix86+x86_64