CRAN Package Check Results for Package tm.plugin.webmining

Last updated on 2020-07-06 01:54:20 CEST.

Flavor Version Tinstall Tcheck Ttotal Status Flags
r-devel-linux-x86_64-debian-clang 1.3 6.76 63.91 70.67 NOTE
r-devel-linux-x86_64-debian-gcc 1.3 5.64 50.59 56.23 NOTE
r-devel-linux-x86_64-fedora-clang 1.3 98.62 NOTE
r-devel-linux-x86_64-fedora-gcc 1.3 89.64 NOTE
r-devel-windows-ix86+x86_64 1.3 17.00 85.00 102.00 NOTE
r-patched-linux-x86_64 1.3 6.53 64.02 70.55 NOTE
r-patched-solaris-x86 1.3 145.10 NOTE
r-release-linux-x86_64 1.3 7.63 63.38 71.01 NOTE
r-release-osx-x86_64 1.3 NOTE
r-release-windows-ix86+x86_64 1.3 16.00 87.00 103.00 NOTE
r-oldrel-osx-x86_64 1.3 NOTE
r-oldrel-windows-ix86+x86_64 1.3 14.00 114.00 128.00 NOTE

Check Details

Version: 1.3
Check: R code for possible problems
Result: NOTE
    extractContentDOM: no visible global function definition for
     'capture.output'
    extractHTMLStrip: no visible global function definition for
     'capture.output'
    Undefined global functions or variables:
     capture.output
    Consider adding
     importFrom("utils", "capture.output")
    to your NAMESPACE file.
Flavors: r-devel-linux-x86_64-debian-clang, r-devel-linux-x86_64-debian-gcc, r-devel-linux-x86_64-fedora-clang, r-devel-linux-x86_64-fedora-gcc, r-devel-windows-ix86+x86_64, r-patched-linux-x86_64, r-patched-solaris-x86, r-release-linux-x86_64, r-release-osx-x86_64, r-release-windows-ix86+x86_64, r-oldrel-osx-x86_64, r-oldrel-windows-ix86+x86_64