CRAN Package Check Results for Package tm1r

Last updated on 2022-07-02 01:49:10 CEST.

Flavor Version Tinstall Tcheck Ttotal Status Flags
r-devel-linux-x86_64-debian-clang 1.1.8 3.99 27.02 31.01 NOTE
r-devel-linux-x86_64-debian-gcc 1.1.8 2.90 21.64 24.54 NOTE
r-devel-linux-x86_64-fedora-clang 1.1.8 49.62 NOTE
r-devel-linux-x86_64-fedora-gcc 1.1.8 47.54 NOTE
r-devel-windows-x86_64 1.1.8 17.00 53.00 70.00 NOTE
r-patched-linux-x86_64 1.1.8 4.20 26.67 30.87 NOTE
r-release-linux-x86_64 1.1.8 3.25 26.63 29.88 NOTE
r-release-macos-arm64 1.1.8 15.00 NOTE
r-release-macos-x86_64 1.1.8 21.00 NOTE
r-release-windows-x86_64 1.1.8 18.00 60.00 78.00 NOTE
r-oldrel-macos-arm64 1.1.8 22.00 NOTE
r-oldrel-macos-x86_64 1.1.8 29.00 NOTE
r-oldrel-windows-ix86+x86_64 1.1.8 8.00 46.00 54.00 NOTE

Check Details

Version: 1.1.8
Check: LazyData
Result: NOTE
     'LazyData' is specified without a 'data' directory
Flavors: r-devel-linux-x86_64-debian-clang, r-devel-linux-x86_64-debian-gcc, r-devel-linux-x86_64-fedora-clang, r-devel-linux-x86_64-fedora-gcc, r-devel-windows-x86_64, r-patched-linux-x86_64, r-release-linux-x86_64, r-release-macos-arm64, r-release-macos-x86_64, r-release-windows-x86_64, r-oldrel-macos-arm64, r-oldrel-macos-x86_64, r-oldrel-windows-ix86+x86_64