CRAN Package Check Results for Package tm1r

Last updated on 2023-06-05 07:53:09 CEST.

Flavor Version Tinstall Tcheck Ttotal Status Flags
r-devel-linux-x86_64-debian-clang 1.1.8 3.43 28.10 31.53 NOTE
r-devel-linux-x86_64-debian-gcc 1.1.8 2.84 21.77 24.61 NOTE
r-devel-linux-x86_64-fedora-clang 1.1.8 39.99 NOTE
r-devel-linux-x86_64-fedora-gcc 1.1.8 37.86 NOTE
r-devel-windows-x86_64 1.1.8 5.00 48.00 53.00 NOTE
r-patched-linux-x86_64 1.1.8 3.92 27.58 31.50 NOTE
r-release-linux-x86_64 1.1.8 3.02 25.54 28.56 NOTE
r-release-macos-arm64 1.1.8 17.00 NOTE
r-release-macos-x86_64 1.1.8 25.00 NOTE
r-release-windows-x86_64 1.1.8 5.00 47.00 52.00 NOTE
r-oldrel-macos-arm64 1.1.8 15.00 NOTE
r-oldrel-macos-x86_64 1.1.8 21.00 NOTE
r-oldrel-windows-x86_64 1.1.8 5.00 50.00 55.00 NOTE

Check Details

Version: 1.1.8
Check: LazyData
Result: NOTE
     'LazyData' is specified without a 'data' directory
Flavors: r-devel-linux-x86_64-debian-clang, r-devel-linux-x86_64-debian-gcc, r-devel-linux-x86_64-fedora-clang, r-devel-linux-x86_64-fedora-gcc, r-devel-windows-x86_64, r-patched-linux-x86_64, r-release-linux-x86_64, r-release-macos-arm64, r-release-macos-x86_64, r-release-windows-x86_64, r-oldrel-macos-arm64, r-oldrel-macos-x86_64, r-oldrel-windows-x86_64