CRAN Package Check Results for Package tmaptools

Last updated on 2021-03-03 01:48:59 CET.

Flavor Version Tinstall Tcheck Ttotal Status Flags
r-devel-linux-x86_64-debian-clang 3.1-1 OK
r-devel-linux-x86_64-debian-gcc 3.1-1 5.99 63.23 69.22 OK
r-devel-linux-x86_64-fedora-clang 3.1-1 121.63 NOTE
r-devel-linux-x86_64-fedora-gcc 3.1-1 110.02 OK
r-devel-windows-ix86+x86_64 3.1-1 19.00 94.00 113.00 OK
r-patched-linux-x86_64 3.1-1 6.61 79.50 86.11 OK
r-patched-solaris-x86 3.1-1 149.50 OK
r-release-linux-x86_64 3.1-1 7.95 79.88 87.83 OK
r-release-macos-x86_64 3.1-1 OK
r-release-windows-ix86+x86_64 3.1-1 17.00 92.00 109.00 OK
r-oldrel-macos-x86_64 3.1-1 OK
r-oldrel-windows-ix86+x86_64 3.1-1 16.00 108.00 124.00 OK

Check Details

Version: 3.1-1
Check: Rd cross-references
Result: NOTE
    Undeclared package ‘sp’ in Rd xrefs
Flavor: r-devel-linux-x86_64-fedora-clang