CRAN Package Check Results for Package tmbstan

Last updated on 2020-05-28 01:53:31 CEST.

Flavor Version Tinstall Tcheck Ttotal Status Flags
r-devel-linux-x86_64-debian-clang 1.0.2 105.85 99.94 205.79 OK
r-devel-linux-x86_64-debian-gcc 1.0.2 90.40 79.93 170.33 OK
r-devel-linux-x86_64-fedora-clang 1.0.2 277.91 NOTE
r-devel-linux-x86_64-fedora-gcc 1.0.2 288.44 OK
r-devel-windows-ix86+x86_64 1.0.2 251.00 268.00 519.00 OK
r-patched-linux-x86_64 1.0.2 107.11 100.62 207.73 OK
r-patched-solaris-x86 1.0.2 310.90 OK
r-release-linux-x86_64 1.0.2 112.67 100.38 213.05 OK
r-release-osx-x86_64 1.0.2 NOTE
r-release-windows-ix86+x86_64 1.0.2 214.00 220.00 434.00 OK
r-oldrel-osx-x86_64 1.0.2 NOTE
r-oldrel-windows-ix86+x86_64 1.0.2 194.00 161.00 355.00 OK

Check Details

Version: 1.0.2
Check: installed package size
Result: NOTE
     installed size is 25.4Mb
     sub-directories of 1Mb or more:
     libs 25.1Mb
Flavors: r-devel-linux-x86_64-fedora-clang, r-release-osx-x86_64, r-oldrel-osx-x86_64