Last updated on 2023-02-05 01:54:36 CET.
Flavor | Version | Tinstall | Tcheck | Ttotal | Status | Flags |
---|---|---|---|---|---|---|
r-devel-linux-x86_64-debian-clang | 1.0.4 | 117.12 | 128.62 | 245.74 | NOTE | |
r-devel-linux-x86_64-debian-gcc | 1.0.4 | 108.40 | 100.72 | 209.12 | NOTE | |
r-devel-linux-x86_64-fedora-clang | 1.0.4 | 303.32 | NOTE | |||
r-devel-linux-x86_64-fedora-gcc | 1.0.4 | 343.37 | NOTE | |||
r-devel-windows-x86_64 | 1.0.4 | 88.00 | 179.00 | 267.00 | NOTE | |
r-patched-linux-x86_64 | 1.0.4 | 111.07 | 126.04 | 237.11 | NOTE | |
r-release-linux-x86_64 | 1.0.4 | 103.14 | 130.81 | 233.95 | NOTE | |
r-release-macos-arm64 | 1.0.4 | 86.00 | NOTE | |||
r-release-macos-x86_64 | 1.0.4 | 159.00 | NOTE | |||
r-release-windows-x86_64 | 1.0.4 | 102.00 | 192.00 | 294.00 | NOTE | |
r-oldrel-macos-arm64 | 1.0.4 | 84.00 | NOTE | |||
r-oldrel-macos-x86_64 | 1.0.4 | 111.00 | NOTE | |||
r-oldrel-windows-ix86+x86_64 | 1.0.4 | 264.00 | 219.00 | 483.00 | NOTE |
Version: 1.0.4
Check: C++ specification
Result: NOTE
Specified C++14: please update to current default of C++17
Flavors: r-devel-linux-x86_64-debian-clang, r-devel-linux-x86_64-debian-gcc, r-devel-linux-x86_64-fedora-clang, r-devel-linux-x86_64-fedora-gcc, r-devel-windows-x86_64
Version: 1.0.4
Check: for GNU extensions in Makefiles
Result: NOTE
GNU make is a SystemRequirements.
Flavors: r-devel-linux-x86_64-debian-clang, r-devel-linux-x86_64-debian-gcc, r-devel-linux-x86_64-fedora-clang, r-devel-linux-x86_64-fedora-gcc, r-devel-windows-x86_64, r-patched-linux-x86_64, r-release-linux-x86_64, r-release-macos-arm64, r-release-macos-x86_64, r-release-windows-x86_64, r-oldrel-macos-arm64, r-oldrel-macos-x86_64, r-oldrel-windows-ix86+x86_64
Version: 1.0.4
Check: installed package size
Result: NOTE
installed size is 30.9Mb
sub-directories of 1Mb or more:
libs 30.6Mb
Flavors: r-release-macos-arm64, r-release-macos-x86_64, r-oldrel-macos-arm64, r-oldrel-macos-x86_64