Last updated on 2025-01-19 08:49:20 CET.
Flavor | Version | Tinstall | Tcheck | Ttotal | Status | Flags |
---|---|---|---|---|---|---|
r-devel-linux-x86_64-debian-clang | 2.0.1.1 | 9.58 | 72.88 | 82.46 | NOTE | |
r-devel-linux-x86_64-debian-gcc | 2.0.1.1 | 6.91 | 51.96 | 58.87 | NOTE | |
r-devel-linux-x86_64-fedora-clang | 2.0.1.1 | 132.21 | OK | |||
r-devel-linux-x86_64-fedora-gcc | 2.0.1.1 | 124.91 | OK | |||
r-devel-windows-x86_64 | 2.0.1.1 | 11.00 | 83.00 | 94.00 | NOTE | |
r-patched-linux-x86_64 | 2.0.1.1 | 14.33 | 68.02 | 82.35 | OK | |
r-release-linux-x86_64 | 2.0.1.1 | 9.62 | 67.90 | 77.52 | OK | |
r-release-macos-arm64 | 2.0.1.1 | 39.00 | OK | |||
r-release-macos-x86_64 | 2.0.1.1 | 61.00 | OK | |||
r-release-windows-x86_64 | 2.0.1.1 | 10.00 | 84.00 | 94.00 | OK | |
r-oldrel-macos-arm64 | 2.0.1.1 | 42.00 | OK | |||
r-oldrel-macos-x86_64 | 2.0.1.1 | 81.00 | OK | |||
r-oldrel-windows-x86_64 | 2.0.1.1 | 13.00 | 97.00 | 110.00 | OK |
Version: 2.0.1.1
Check: Rd cross-references
Result: NOTE
Found the following Rd file(s) with Rd \link{} targets missing package
anchors:
tmle.Sl.dbarts2.Rd: SuperLearner
Please provide package anchors for all Rd \link{} targets not in the
package itself and the base packages.
Flavors: r-devel-linux-x86_64-debian-clang, r-devel-linux-x86_64-debian-gcc, r-devel-windows-x86_64