CRAN Package Check Results for Package tmod

Last updated on 2020-04-04 01:52:36 CEST.

Flavor Version Tinstall Tcheck Ttotal Status Flags
r-devel-linux-x86_64-debian-clang 0.40 9.53 84.21 93.74 OK
r-devel-linux-x86_64-debian-gcc 0.40 6.81 65.67 72.48 OK
r-devel-linux-x86_64-fedora-clang 0.40 116.92 OK
r-devel-linux-x86_64-fedora-gcc 0.40 110.00 OK
r-devel-windows-ix86+x86_64 0.40 25.00 89.00 114.00 OK
r-devel-windows-ix86+x86_64-gcc8 0.40 14.00 93.00 107.00 OK
r-patched-linux-x86_64 0.40 7.61 82.06 89.67 OK
r-patched-solaris-x86 0.40 148.70 OK
r-release-linux-x86_64 0.40 5.44 76.43 81.87 OK
r-release-windows-ix86+x86_64 0.40 12.00 95.00 107.00 OK
r-release-osx-x86_64 0.40 WARN
r-oldrel-windows-ix86+x86_64 0.40 12.00 93.00 105.00 OK
r-oldrel-osx-x86_64 0.40 OK

Check Details

Version: 0.40
Check: package dependencies
Result: NOTE
    Package suggested but not available for checking: ‘limma’
Flavor: r-release-osx-x86_64

Version: 0.40
Check: re-building of vignette outputs
Result: WARN
    Error(s) in re-building vignettes:
     ...
    --- re-building ‘tmod.rmd’ using rmarkdown
    Warning in engine$weave(file, quiet = quiet, encoding = enc) :
     Pandoc (>= 1.12.3) and/or pandoc-citeproc not available. Falling back to R Markdown v1.
    Quitting from lines 51-59 (tmod.rmd)
    Error: processing vignette 'tmod.rmd' failed with diagnostics:
    there is no package called 'limma'
    --- failed re-building ‘tmod.rmd’
    
    SUMMARY: processing the following file failed:
     ‘tmod.rmd’
    
    Error: Vignette re-building failed.
    Execution halted
Flavor: r-release-osx-x86_64