CRAN Package Check Results for Package toastui

Last updated on 2024-02-26 08:49:00 CET.

Flavor Version Tinstall Tcheck Ttotal Status Flags
r-devel-linux-x86_64-debian-clang 0.3.1 7.01 70.57 77.58 OK
r-devel-linux-x86_64-debian-gcc 0.3.1 5.58 53.82 59.40 OK
r-devel-linux-x86_64-fedora-clang 0.3.1 94.89 NOTE
r-devel-linux-x86_64-fedora-gcc 0.3.1 108.97 NOTE
r-devel-windows-x86_64 0.3.1 8.00 85.00 93.00 OK
r-patched-linux-x86_64 0.3.1 6.38 68.03 74.41 OK
r-release-linux-x86_64 0.3.1 4.72 68.82 73.54 OK
r-release-macos-arm64 0.3.1 47.00 OK
r-release-macos-x86_64 0.3.1 90.00 OK
r-release-windows-x86_64 0.3.1 10.00 96.00 106.00 OK
r-oldrel-macos-arm64 0.3.1 40.00 OK
r-oldrel-windows-x86_64 0.3.1 11.00 90.00 101.00 OK

Check Details

Version: 0.3.1
Check: data for non-ASCII characters
Result: NOTE Note: found 1 marked UTF-8 string Flavors: r-devel-linux-x86_64-fedora-clang, r-devel-linux-x86_64-fedora-gcc