CRAN Package Check Results for Package togglr

Last updated on 2022-05-20 01:51:18 CEST.

Flavor Version Tinstall Tcheck Ttotal Status Flags
r-devel-linux-x86_64-debian-clang 0.1.33 6.82 70.75 77.57 NOTE
r-devel-linux-x86_64-debian-gcc 0.1.33 5.50 52.65 58.15 NOTE
r-devel-linux-x86_64-fedora-clang 0.1.33 90.99 NOTE
r-devel-linux-x86_64-fedora-gcc 0.1.33 88.34 NOTE
r-devel-windows-x86_64 0.1.33 24.00 92.00 116.00 NOTE
r-patched-linux-x86_64 0.1.33 4.77 66.44 71.21 NOTE
r-release-linux-x86_64 0.1.33 6.36 65.24 71.60 NOTE
r-release-macos-arm64 0.1.33 26.00 NOTE
r-release-macos-x86_64 0.1.33 53.00 NOTE
r-release-windows-x86_64 0.1.33 23.00 94.00 117.00 NOTE
r-oldrel-macos-arm64 0.1.33 31.00 NOTE
r-oldrel-macos-x86_64 0.1.33 42.00 NOTE
r-oldrel-windows-ix86+x86_64 0.1.33 18.00 76.00 94.00 NOTE

Check Details

Version: 0.1.33
Check: LazyData
Result: NOTE
     'LazyData' is specified without a 'data' directory
Flavors: r-devel-linux-x86_64-debian-clang, r-devel-linux-x86_64-debian-gcc, r-devel-linux-x86_64-fedora-clang, r-devel-linux-x86_64-fedora-gcc, r-devel-windows-x86_64, r-patched-linux-x86_64, r-release-linux-x86_64, r-release-macos-arm64, r-release-macos-x86_64, r-release-windows-x86_64, r-oldrel-macos-arm64, r-oldrel-macos-x86_64, r-oldrel-windows-ix86+x86_64