Last updated on 2021-03-02 00:47:41 CET.
Flavor | Version | Tinstall | Tcheck | Ttotal | Status | Flags |
---|---|---|---|---|---|---|
r-devel-linux-x86_64-debian-clang | 0.2.1 | OK | ||||
r-devel-linux-x86_64-debian-gcc | 0.2.1 | 18.68 | 32.64 | 51.32 | OK | |
r-devel-linux-x86_64-fedora-clang | 0.2.1 | 104.97 | NOTE | |||
r-devel-linux-x86_64-fedora-gcc | 0.2.1 | 87.65 | NOTE | |||
r-devel-windows-ix86+x86_64 | 0.2.1 | 54.00 | 72.00 | 126.00 | OK | |
r-patched-linux-x86_64 | 0.2.1 | 25.98 | 40.05 | 66.03 | OK | |
r-patched-solaris-x86 | 0.2.1 | 109.90 | NOTE | |||
r-release-linux-x86_64 | 0.2.1 | 25.62 | 39.85 | 65.47 | OK | |
r-release-macos-x86_64 | 0.2.1 | NOTE | ||||
r-release-windows-ix86+x86_64 | 0.2.1 | 55.00 | 98.00 | 153.00 | OK | |
r-oldrel-macos-x86_64 | 0.2.1 | NOTE | ||||
r-oldrel-windows-ix86+x86_64 | 0.2.1 | 51.00 | 78.00 | 129.00 | OK |
Version: 0.2.1
Check: data for non-ASCII characters
Result: NOTE
Note: found 1 marked UTF-8 string
Flavors: r-devel-linux-x86_64-fedora-clang, r-devel-linux-x86_64-fedora-gcc, r-patched-solaris-x86, r-release-macos-x86_64, r-oldrel-macos-x86_64