CRAN Package Check Results for Package tokenizers

Last updated on 2021-05-15 01:50:00 CEST.

Flavor Version Tinstall Tcheck Ttotal Status Flags
r-devel-linux-x86_64-debian-clang 0.2.1 30.47 41.54 72.01 OK
r-devel-linux-x86_64-debian-gcc 0.2.1 19.69 32.67 52.36 OK
r-devel-linux-x86_64-fedora-clang 0.2.1 105.04 NOTE
r-devel-linux-x86_64-fedora-gcc 0.2.1 88.32 NOTE
r-devel-windows-ix86+x86_64 0.2.1 66.00 69.00 135.00 OK
r-devel-windows-x86_64-gcc10-UCRT 0.2.1 NOTE
r-patched-linux-x86_64 0.2.1 24.11 40.52 64.63 OK
r-patched-solaris-x86 0.2.1 111.50 NOTE
r-release-linux-x86_64 0.2.1 26.48 40.18 66.66 OK
r-release-macos-x86_64 0.2.1 NOTE
r-release-windows-ix86+x86_64 0.2.1 60.00 102.00 162.00 OK
r-oldrel-macos-x86_64 0.2.1 NOTE
r-oldrel-windows-ix86+x86_64 0.2.1 55.00 90.00 145.00 OK

Check Details

Version: 0.2.1
Check: data for non-ASCII characters
Result: NOTE
     Note: found 1 marked UTF-8 string
Flavors: r-devel-linux-x86_64-fedora-clang, r-devel-linux-x86_64-fedora-gcc, r-devel-windows-x86_64-gcc10-UCRT, r-patched-solaris-x86, r-release-macos-x86_64, r-oldrel-macos-x86_64