CRAN Package Check Results for Package tomba

Last updated on 2022-07-02 01:49:10 CEST.

Flavor Version Tinstall Tcheck Ttotal Status Flags
r-devel-linux-x86_64-debian-clang 1.0.1 1.97 27.53 29.50 OK
r-devel-linux-x86_64-debian-gcc 1.0.1 2.23 21.55 23.78 OK
r-devel-linux-x86_64-fedora-clang 1.0.1 47.97 NOTE
r-devel-linux-x86_64-fedora-gcc 1.0.1 46.44 NOTE
r-devel-windows-x86_64 1.0.1 15.00 55.00 70.00 OK
r-patched-linux-x86_64 1.0.1 2.06 27.04 29.10 OK
r-release-linux-x86_64 1.0.1 1.87 26.30 28.17 OK
r-release-macos-arm64 1.0.1 18.00 NOTE
r-release-macos-x86_64 1.0.1 27.00 NOTE
r-release-windows-x86_64 1.0.1 9.00 53.00 62.00 OK
r-oldrel-macos-arm64 1.0.1 19.00 NOTE
r-oldrel-macos-x86_64 1.0.1 25.00 NOTE
r-oldrel-windows-ix86+x86_64 1.0.1 7.00 47.00 54.00 OK

Check Details

Version: 1.0.1
Check: dependencies in R code
Result: NOTE
    Namespace in Imports field not imported from: ‘testthat’
     All declared Imports should be used.
Flavors: r-devel-linux-x86_64-fedora-clang, r-devel-linux-x86_64-fedora-gcc, r-release-macos-arm64, r-release-macos-x86_64, r-oldrel-macos-arm64, r-oldrel-macos-x86_64