CRAN Package Check Results for Package tongfen

Last updated on 2022-08-15 02:53:56 CEST.

Flavor Version Tinstall Tcheck Ttotal Status Flags
r-devel-linux-x86_64-debian-clang 0.3.5 11.13 191.95 203.08 OK
r-devel-linux-x86_64-debian-gcc 0.3.5 8.36 141.31 149.67 OK
r-devel-linux-x86_64-fedora-clang 0.3.5 229.00 NOTE
r-devel-linux-x86_64-fedora-gcc 0.3.5 235.66 NOTE
r-devel-windows-x86_64 0.3.5 40.00 216.00 256.00 OK
r-patched-linux-x86_64 0.3.5 10.54 180.63 191.17 OK
r-release-linux-x86_64 0.3.5 8.28 181.77 190.05 OK
r-release-macos-arm64 0.3.5 69.00 NOTE
r-release-macos-x86_64 0.3.5 94.00 NOTE
r-release-windows-x86_64 0.3.5 28.00 225.00 253.00 OK
r-oldrel-macos-arm64 0.3.5 72.00 NOTE
r-oldrel-macos-x86_64 0.3.5 99.00 NOTE
r-oldrel-windows-ix86+x86_64 0.3.5 26.00 241.00 267.00 OK

Check Details

Version: 0.3.5
Check: data for non-ASCII characters
Result: NOTE
     Note: found 160 marked UTF-8 strings
Flavors: r-devel-linux-x86_64-fedora-clang, r-devel-linux-x86_64-fedora-gcc, r-release-macos-arm64, r-release-macos-x86_64, r-oldrel-macos-arm64, r-oldrel-macos-x86_64