CRAN Package Check Results for Package topicmodels

Last updated on 2021-01-17 00:48:28 CET.

Flavor Version Tinstall Tcheck Ttotal Status Flags
r-devel-linux-x86_64-debian-clang 0.2-11 13.37 118.88 132.25 NOTE
r-devel-linux-x86_64-debian-gcc 0.2-11 9.54 91.37 100.91 NOTE
r-devel-linux-x86_64-fedora-clang 0.2-11 180.35 NOTE
r-devel-linux-x86_64-fedora-gcc 0.2-11 173.56 NOTE
r-devel-windows-ix86+x86_64 0.2-11 32.00 199.00 231.00 NOTE
r-patched-linux-x86_64 0.2-11 12.48 119.09 131.57 NOTE
r-patched-solaris-x86 0.2-11 343.10 NOTE
r-release-linux-x86_64 0.2-11 11.90 119.82 131.72 WARN
r-release-macos-x86_64 0.2-11 NOTE
r-release-windows-ix86+x86_64 0.2-11 43.00 174.00 217.00 NOTE
r-oldrel-macos-x86_64 0.2-11 NOTE
r-oldrel-windows-ix86+x86_64 0.2-11 34.00 172.00 206.00 NOTE

Check Details

Version: 0.2-11
Check: package dependencies
Result: NOTE
    Package suggested but not available for checking: 'corpus.JSS.papers'
Flavors: r-devel-linux-x86_64-debian-clang, r-devel-linux-x86_64-debian-gcc, r-devel-linux-x86_64-fedora-clang, r-devel-linux-x86_64-fedora-gcc, r-devel-windows-ix86+x86_64, r-patched-linux-x86_64, r-patched-solaris-x86, r-release-linux-x86_64, r-release-macos-x86_64, r-release-windows-ix86+x86_64, r-oldrel-macos-x86_64, r-oldrel-windows-ix86+x86_64

Version: 0.2-11
Check: re-building of vignette outputs
Result: WARN
    Error(s) in re-building vignettes:
     ...
    --- re-building ‘topicmodels.Rnw’ using Sweave
    trying URL ‘https://datacube.wu.ac.at/src/contrib/corpus.JSS.papers_2020.03.16.tar.gz’
    Content type 'application/x-gzip' length 223327 bytes (218 KB)
    ==================================================
    downloaded 218 KB
    
    * installing *source* package ‘corpus.JSS.papers’ ...
    ** using staged installation
    ** data
    ** help
    *** installing help indices
    ** building package indices
    ** testing if installed package can be loaded from temporary location
    ** testing if installed package can be loaded from final location
    ** testing if installed package keeps a record of temporary installation path
    * DONE (corpus.JSS.papers)
    
    The downloaded source packages are in
     '/tmp/Rtmpp6redw/downloaded_packages'
    Loading required package: NLP
    Error: processing vignette 'topicmodels.Rnw' failed with diagnostics:
    Running ‘texi2dvi’ on ‘topicmodels.tex’ failed.
    LaTeX errors:
    ! Undefined control sequence.
    <recently read> \[email protected]
    
    l.55 \begin{document}
    
    ! Undefined control sequence.
    \[email protected] ->\[email protected]
     \[email protected] \pdfendlink
    l.55 \begin{document}
    
    ! Undefined control sequence.
    <recently read> \[email protected]
    
    l.55 \begin{document}
    
    ! Undefined control sequence.
    \[email protected] ->\[email protected]
     \[email protected] \pdfendlink
    l.55 \begin{document}
    
    --- failed re-building 'topicmodels.Rnw'
    
    SUMMARY: processing the following file failed:
     'topicmodels.Rnw'
    
    Error: Vignette re-building failed.
    Execution halted
Flavor: r-release-linux-x86_64