CRAN Package Check Results for Package topoDistance

Last updated on 2020-08-12 01:47:18 CEST.

Flavor Version Tinstall Tcheck Ttotal Status Flags
r-devel-linux-x86_64-debian-clang 1.0.1 19.75 198.92 218.67 OK
r-devel-linux-x86_64-debian-gcc 1.0.1 0.40 2.04 2.44 ERROR
r-devel-linux-x86_64-fedora-clang 1.0.1 255.73 NOTE
r-devel-linux-x86_64-fedora-gcc 1.0.1 249.94 NOTE
r-devel-windows-ix86+x86_64 1.0.1 47.00 263.00 310.00 OK
r-patched-linux-x86_64 1.0.1 17.78 192.78 210.56 OK
r-patched-solaris-x86 1.0.1 397.20 NOTE
r-release-linux-x86_64 1.0.1 0.46 2.55 3.01 ERROR
r-release-macos-x86_64 1.0.1 WARN
r-release-windows-ix86+x86_64 1.0.1 50.00 265.00 315.00 OK
r-oldrel-macos-x86_64 1.0.1 NOTE
r-oldrel-windows-ix86+x86_64 1.0.1 28.00 191.00 219.00 OK

Check Details

Version: 1.0.1
Check: package dependencies
Result: ERROR
    Package required but not available: ‘plotly’
    
    See section ‘The DESCRIPTION file’ in the ‘Writing R Extensions’
    manual.
Flavors: r-devel-linux-x86_64-debian-gcc, r-release-linux-x86_64

Version: 1.0.1
Check: dependencies in R code
Result: NOTE
    Namespace in Imports field not imported from: ‘igraph’
     All declared Imports should be used.
Flavors: r-devel-linux-x86_64-fedora-clang, r-devel-linux-x86_64-fedora-gcc, r-patched-solaris-x86, r-release-macos-x86_64, r-oldrel-macos-x86_64

Version: 1.0.1
Check: re-building of vignette outputs
Result: WARN
    Error(s) in re-building vignettes:
    --- re-building ‘topoDistance-vignette.Rmd’ using rmarkdown
    Warning in engine$weave(file, quiet = quiet, encoding = enc) :
     Pandoc (>= 1.12.3) and/or pandoc-citeproc not available. Falling back to R Markdown v1.
    
     *** caught segfault ***
    address 0x1103e1ff8, cause 'memory not mapped'
    
    Traceback:
     1: .terrain(as.double(values(x)), as.integer(dim(out)), rs, un, nopt, lonlat, y)
     2: .local(x, ...)
     3: terrain(DEM, opt = "slope")
     4: terrain(DEM, opt = "slope")
     5: topoPathMap(Yosemite$DEM, xy, topoPaths = tLCP, type = "hillshade", costSurface = Yosemite$SDM, pathWidth = 4, pathColor = "purple")
     6: eval(expr, envir, enclos)
     7: eval(expr, envir, enclos)
     8: withVisible(eval(expr, envir, enclos))
     9: withCallingHandlers(withVisible(eval(expr, envir, enclos)), warning = wHandler, error = eHandler, message = mHandler)
    10: handle(ev <- withCallingHandlers(withVisible(eval(expr, envir, enclos)), warning = wHandler, error = eHandler, message = mHandler))
    11: timing_fn(handle(ev <- withCallingHandlers(withVisible(eval(expr, envir, enclos)), warning = wHandler, error = eHandler, message = mHandler)))
    12: evaluate_call(expr, parsed$src[[i]], envir = envir, enclos = enclos, debug = debug, last = i == length(out), use_try = stop_on_error != 2L, keep_warning = keep_warning, keep_message = keep_message, output_handler = output_handler, include_timing = include_timing)
    13: evaluate::evaluate(...)
    14: evaluate(code, envir = env, new_device = FALSE, keep_warning = !isFALSE(options$warning), keep_message = !isFALSE(options$message), stop_on_error = if (options$error && options$include) 0L else 2L, output_handler = knit_handlers(options$render, options))
    15: in_dir(input_dir(), evaluate(code, envir = env, new_device = FALSE, keep_warning = !isFALSE(options$warning), keep_message = !isFALSE(options$message), stop_on_error = if (options$error && options$include) 0L else 2L, output_handler = knit_handlers(options$render, options)))
    16: block_exec(params)
    17: call_block(x)
    18: process_group.block(group)
    19: process_group(group)
    20: withCallingHandlers(if (tangle) process_tangle(group) else process_group(group), error = function(e) { setwd(wd) cat(res, sep = "\n", file = output %n% "") message("Quitting from lines ", paste(current_lines(i), collapse = "-"), " (", knit_concord$get("infile"), ") ") })
    21: process_file(text, output)
    22: knit(input, text = text, envir = envir, quiet = quiet)
    23: knit2html(..., force_v1 = TRUE)
    24: (if (grepl("\\.[Rr]md$", file)) knit2html_v1 else if (grepl("\\.[Rr]rst$", file)) knit2pandoc else knit)(file, encoding = encoding, quiet = quiet, envir = globalenv(), ...)
    25: vweave(...)
    26: engine$weave(file, quiet = quiet, encoding = enc)
    27: doTryCatch(return(expr), name, parentenv, handler)
    28: tryCatchOne(expr, names, parentenv, handlers[[1L]])
    29: tryCatchList(expr, classes, parentenv, handlers)
    30: tryCatch({ engine$weave(file, quiet = quiet, encoding = enc) setwd(startdir) output <- find_vignette_product(name, by = "weave", engine = engine) if (!have.makefile && vignette_is_tex(output)) { texi2pdf(file = output, clean = FALSE, quiet = quiet) output <- find_vignette_product(name, by = "texi2pdf", engine = engine) } outputs <- c(outputs, output)}, error = function(e) { thisOK <<- FALSE fails <<- c(fails, file) message(gettextf("Error: processing vignette '%s' failed with diagnostics:\n%s", file, conditionMessage(e)))})
    31: tools:::buildVignettes(dir = "/Volumes/Builds/packages/high-sierra-x86_64/results/4.0/topoDistance.Rcheck/vign_test/topoDistance", ser_elibs = "/Volumes/Temp/tmp/Rtmp4ngJH6/filea4cc3a0fe611.rds")
    An irrecoverable exception occurred. R is aborting now ...
Flavor: r-release-macos-x86_64