CRAN Package Check Results for Package topoDistance

Last updated on 2022-07-03 01:49:07 CEST.

Flavor Version Tinstall Tcheck Ttotal Status Flags
r-devel-linux-x86_64-debian-clang 1.0.1 38.95 416.68 455.63 OK
r-devel-linux-x86_64-debian-gcc 1.0.1 34.11 306.49 340.60 OK
r-devel-linux-x86_64-fedora-clang 1.0.1 543.74 NOTE
r-devel-linux-x86_64-fedora-gcc 1.0.1 550.46 NOTE
r-devel-windows-x86_64 1.0.1 42.00 409.00 451.00 OK
r-patched-linux-x86_64 1.0.1 37.33 405.64 442.97 OK
r-release-linux-x86_64 1.0.1 28.65 404.61 433.26 OK
r-release-macos-arm64 1.0.1 123.00 NOTE
r-release-macos-x86_64 1.0.1 223.00 NOTE
r-release-windows-x86_64 1.0.1 39.00 393.00 432.00 OK
r-oldrel-macos-arm64 1.0.1 95.00 NOTE
r-oldrel-macos-x86_64 1.0.1 167.00 NOTE
r-oldrel-windows-ix86+x86_64 1.0.1 85.00 420.00 505.00 OK

Check Details

Version: 1.0.1
Check: dependencies in R code
Result: NOTE
    Namespace in Imports field not imported from: ‘igraph’
     All declared Imports should be used.
Flavors: r-devel-linux-x86_64-fedora-clang, r-devel-linux-x86_64-fedora-gcc, r-release-macos-arm64, r-release-macos-x86_64, r-oldrel-macos-arm64, r-oldrel-macos-x86_64