CRAN Package Check Results for Package tosca

Last updated on 2020-05-28 01:53:31 CEST.

Flavor Version Tinstall Tcheck Ttotal Status Flags
r-devel-linux-x86_64-debian-clang 0.2-0 13.90 192.55 206.45 OK
r-devel-linux-x86_64-debian-gcc 0.2-0 10.21 160.71 170.92 OK
r-devel-linux-x86_64-fedora-clang 0.2-0 252.03 NOTE
r-devel-linux-x86_64-fedora-gcc 0.2-0 232.12 NOTE
r-devel-windows-ix86+x86_64 0.2-0 27.00 282.00 309.00 NOTE
r-patched-linux-x86_64 0.2-0 11.06 185.74 196.80 OK
r-patched-solaris-x86 0.2-0 304.80 NOTE
r-release-linux-x86_64 0.2-0 12.31 188.66 200.97 OK
r-release-osx-x86_64 0.2-0 NOTE
r-release-windows-ix86+x86_64 0.2-0 34.00 263.00 297.00 NOTE
r-oldrel-osx-x86_64 0.2-0 NOTE
r-oldrel-windows-ix86+x86_64 0.2-0 18.00 224.00 242.00 NOTE

Check Details

Version: 0.2-0
Check: installed package size
Result: NOTE
     installed size is 5.7Mb
     sub-directories of 1Mb or more:
     data 4.7Mb
Flavors: r-devel-linux-x86_64-fedora-clang, r-devel-windows-ix86+x86_64, r-patched-solaris-x86, r-release-osx-x86_64, r-release-windows-ix86+x86_64, r-oldrel-osx-x86_64, r-oldrel-windows-ix86+x86_64

Version: 0.2-0
Check: data for non-ASCII characters
Result: NOTE
     Note: found 1946 marked UTF-8 strings
Flavors: r-devel-linux-x86_64-fedora-clang, r-devel-linux-x86_64-fedora-gcc, r-patched-solaris-x86, r-release-osx-x86_64, r-oldrel-osx-x86_64