CRAN Package Check Results for Package touchard

Last updated on 2023-01-28 01:50:24 CET.

Flavor Version Tinstall Tcheck Ttotal Status Flags
r-devel-linux-x86_64-debian-clang 2.0.1 3.80 46.15 49.95 OK
r-devel-linux-x86_64-debian-gcc 2.0.1 3.23 35.18 38.41 OK
r-devel-linux-x86_64-fedora-clang 2.0.1 63.16 NOTE
r-devel-linux-x86_64-fedora-gcc 2.0.1 62.58 OK
r-patched-linux-x86_64 2.0.1 3.33 45.17 48.50 OK
r-release-linux-x86_64 2.0.1 4.33 45.08 49.41 OK
r-release-macos-arm64 2.0.1 20.00 OK
r-release-macos-x86_64 2.0.1 28.00 OK
r-release-windows-x86_64 2.0.1 22.00 75.00 97.00 OK
r-oldrel-macos-arm64 2.0.1 26.00 OK
r-oldrel-macos-x86_64 2.0.1 35.00 OK
r-oldrel-windows-ix86+x86_64 2.0.1 9.00 128.00 137.00 OK

Check Details

Version: 2.0.1
Check: Rd cross-references
Result: NOTE
    Undeclared package ‘vcd’ in Rd xrefs
Flavor: r-devel-linux-x86_64-fedora-clang