Last updated on 2023-02-03 00:51:18 CET.
Flavor | Version | Tinstall | Tcheck | Ttotal | Status | Flags |
---|---|---|---|---|---|---|
r-devel-linux-x86_64-debian-clang | 0.0.1 | 2.72 | 30.35 | 33.07 | OK | |
r-devel-linux-x86_64-debian-gcc | 0.0.1 | 1.99 | 23.08 | 25.07 | OK | |
r-devel-linux-x86_64-fedora-clang | 0.0.1 | 41.93 | NOTE | |||
r-devel-linux-x86_64-fedora-gcc | 0.0.1 | 52.57 | NOTE | |||
r-patched-linux-x86_64 | 0.0.1 | 2.07 | 29.58 | 31.65 | OK | |
r-release-linux-x86_64 | 0.0.1 | 2.51 | 28.86 | 31.37 | OK | |
r-release-macos-arm64 | 0.0.1 | 24.00 | NOTE | |||
r-release-macos-x86_64 | 0.0.1 | 32.00 | NOTE | |||
r-release-windows-x86_64 | 0.0.1 | 11.00 | 65.00 | 76.00 | OK | |
r-oldrel-macos-arm64 | 0.0.1 | 24.00 | NOTE | |||
r-oldrel-macos-x86_64 | 0.0.1 | 29.00 | NOTE | |||
r-oldrel-windows-ix86+x86_64 | 0.0.1 | 7.00 | 56.00 | 63.00 | OK |
Version: 0.0.1
Check: dependencies in R code
Result: NOTE
Namespace in Imports field not imported from: ‘knitr’
All declared Imports should be used.
Flavors: r-devel-linux-x86_64-fedora-clang, r-devel-linux-x86_64-fedora-gcc, r-release-macos-arm64, r-release-macos-x86_64, r-oldrel-macos-arm64, r-oldrel-macos-x86_64