CRAN Package Check Results for Package tracer

Last updated on 2022-01-23 00:57:28 CET.

Flavor Version Tinstall Tcheck Ttotal Status Flags
r-devel-linux-x86_64-debian-clang 1.0.0 2.33 32.87 35.20 NOTE
r-devel-linux-x86_64-debian-gcc 1.0.0 1.82 26.21 28.03 NOTE
r-devel-linux-x86_64-fedora-clang 1.0.0 43.75 NOTE
r-devel-linux-x86_64-fedora-gcc 1.0.0 33.06 NOTE
r-devel-windows-x86_64-new-UL 1.0.0 21.00 58.00 79.00 NOTE
r-devel-windows-x86_64-new-TK 1.0.0 NOTE
r-patched-linux-x86_64 1.0.0 1.86 31.95 33.81 NOTE
r-release-linux-x86_64 1.0.0 1.68 31.85 33.53 NOTE
r-release-macos-arm64 1.0.0 NOTE
r-release-macos-x86_64 1.0.0 NOTE
r-release-windows-ix86+x86_64 1.0.0 5.00 42.00 47.00 NOTE
r-oldrel-macos-x86_64 1.0.0 OK
r-oldrel-windows-ix86+x86_64 1.0.0 5.00 41.00 46.00 OK

Check Details

Version: 1.0.0
Check: LazyData
Result: NOTE
     'LazyData' is specified without a 'data' directory
Flavors: r-devel-linux-x86_64-debian-clang, r-devel-linux-x86_64-debian-gcc, r-devel-linux-x86_64-fedora-clang, r-devel-linux-x86_64-fedora-gcc, r-devel-windows-x86_64-new-UL, r-devel-windows-x86_64-new-TK, r-patched-linux-x86_64, r-release-linux-x86_64, r-release-macos-arm64, r-release-macos-x86_64, r-release-windows-ix86+x86_64