CRAN Package Check Results for Package tracer

Last updated on 2021-04-18 01:49:38 CEST.

Flavor Version Tinstall Tcheck Ttotal Status Flags
r-devel-linux-x86_64-debian-clang 1.0.0 2.07 25.78 27.85 NOTE
r-devel-linux-x86_64-debian-gcc 1.0.0 1.68 20.39 22.07 NOTE
r-devel-linux-x86_64-fedora-clang 1.0.0 43.39 NOTE
r-devel-linux-x86_64-fedora-gcc 1.0.0 33.53 NOTE
r-devel-windows-ix86+x86_64 1.0.0 6.00 36.00 42.00 NOTE
r-devel-windows-x86_64-gcc10-UCRT 1.0.0 NOTE
r-patched-linux-x86_64 1.0.0 1.94 25.21 27.15 OK
r-patched-solaris-x86 1.0.0 50.90 OK
r-release-linux-x86_64 1.0.0 2.28 24.88 27.16 OK
r-release-macos-x86_64 1.0.0 OK
r-release-windows-ix86+x86_64 1.0.0 4.00 42.00 46.00 OK
r-oldrel-macos-x86_64 1.0.0 OK
r-oldrel-windows-ix86+x86_64 1.0.0 3.00 40.00 43.00 OK

Check Details

Version: 1.0.0
Check: LazyData
Result: NOTE
     'LazyData' is specified without a 'data' directory
Flavors: r-devel-linux-x86_64-debian-clang, r-devel-linux-x86_64-debian-gcc, r-devel-linux-x86_64-fedora-clang, r-devel-linux-x86_64-fedora-gcc, r-devel-windows-ix86+x86_64, r-devel-windows-x86_64-gcc10-UCRT