CRAN Package Check Results for Package trackter

Last updated on 2022-12-06 00:51:24 CET.

Flavor Version Tinstall Tcheck Ttotal Status Flags
r-devel-linux-x86_64-debian-clang 0.1.1 12.08 117.83 129.91 OK
r-devel-linux-x86_64-debian-gcc 0.1.1 9.28 85.05 94.33 OK
r-devel-linux-x86_64-fedora-clang 0.1.1 163.46 NOTE
r-devel-linux-x86_64-fedora-gcc 0.1.1 161.46 NOTE
r-devel-windows-x86_64 0.1.1 25.00 131.00 156.00 OK
r-patched-linux-x86_64 0.1.1 17.93 107.70 125.63 OK
r-release-linux-x86_64 0.1.1 9.14 108.32 117.46 OK
r-release-macos-arm64 0.1.1 47.00 NOTE
r-release-macos-x86_64 0.1.1 72.00 NOTE
r-release-windows-x86_64 0.1.1 31.00 135.00 166.00 OK
r-oldrel-macos-arm64 0.1.1 65.00 NOTE
r-oldrel-macos-x86_64 0.1.1 81.00 NOTE
r-oldrel-windows-ix86+x86_64 0.1.1 27.00 132.00 159.00 OK

Check Details

Version: 0.1.1
Check: dependencies in R code
Result: NOTE
    Namespaces in Imports field not imported from:
     ‘ggplot2’ ‘jpeg’ ‘pastecs’ ‘plyr’ ‘raster’
     All declared Imports should be used.
Flavors: r-devel-linux-x86_64-fedora-clang, r-devel-linux-x86_64-fedora-gcc, r-release-macos-arm64, r-release-macos-x86_64, r-oldrel-macos-arm64, r-oldrel-macos-x86_64