CRAN Package Check Results for Package trafo

Last updated on 2023-02-06 00:52:46 CET.

Flavor Version Tinstall Tcheck Ttotal Status Flags
r-devel-linux-x86_64-debian-clang 1.0.1 9.63 64.16 73.79 NOTE
r-devel-linux-x86_64-debian-gcc 1.0.1 6.49 48.59 55.08 NOTE
r-devel-linux-x86_64-fedora-clang 1.0.1 90.86 NOTE
r-devel-linux-x86_64-fedora-gcc 1.0.1 103.08 NOTE
r-devel-windows-x86_64 1.0.1 39.00 98.00 137.00 NOTE
r-patched-linux-x86_64 1.0.1 8.99 60.25 69.24 NOTE
r-release-linux-x86_64 1.0.1 6.48 58.77 65.25 NOTE
r-release-macos-arm64 1.0.1 28.00 NOTE
r-release-macos-x86_64 1.0.1 39.00 NOTE
r-release-windows-x86_64 1.0.1 41.00 98.00 139.00 NOTE
r-oldrel-macos-arm64 1.0.1 32.00 NOTE
r-oldrel-macos-x86_64 1.0.1 51.00 NOTE
r-oldrel-windows-ix86+x86_64 1.0.1 17.00 88.00 105.00 NOTE

Check Details

Version: 1.0.1
Check: LazyData
Result: NOTE
     'LazyData' is specified without a 'data' directory
Flavors: r-devel-linux-x86_64-debian-clang, r-devel-linux-x86_64-debian-gcc, r-devel-linux-x86_64-fedora-clang, r-devel-linux-x86_64-fedora-gcc, r-devel-windows-x86_64, r-patched-linux-x86_64, r-release-linux-x86_64, r-release-macos-arm64, r-release-macos-x86_64, r-release-windows-x86_64, r-oldrel-macos-arm64, r-oldrel-macos-x86_64, r-oldrel-windows-ix86+x86_64