CRAN Package Check Results for Package transforEmotion

Last updated on 2022-10-01 02:49:25 CEST.

Flavor Version Tinstall Tcheck Ttotal Status Flags
r-devel-linux-x86_64-debian-clang 0.1.1 6.00 65.82 71.82 OK
r-devel-linux-x86_64-debian-gcc 0.1.1 4.65 49.65 54.30 OK
r-devel-linux-x86_64-fedora-clang 0.1.1 98.10 NOTE
r-devel-linux-x86_64-fedora-gcc 0.1.1 98.49 NOTE
r-devel-windows-x86_64 0.1.1 30.00 97.00 127.00 OK
r-patched-linux-x86_64 0.1.1 5.47 62.48 67.95 OK
r-release-linux-x86_64 0.1.1 4.89 61.04 65.93 OK
r-release-macos-arm64 0.1.1 30.00 NOTE
r-release-macos-x86_64 0.1.1 45.00 NOTE
r-release-windows-x86_64 0.1.1 20.00 98.00 118.00 OK
r-oldrel-macos-arm64 0.1.1 28.00 NOTE
r-oldrel-macos-x86_64 0.1.1 43.00 NOTE
r-oldrel-windows-ix86+x86_64 0.1.1 16.00 97.00 113.00 OK

Check Details

Version: 0.1.1
Check: data for non-ASCII characters
Result: NOTE
     Note: found 827 marked UTF-8 strings
Flavors: r-devel-linux-x86_64-fedora-clang, r-devel-linux-x86_64-fedora-gcc, r-release-macos-arm64, r-release-macos-x86_64, r-oldrel-macos-arm64, r-oldrel-macos-x86_64