CRAN Package Check Results for Package translate

Last updated on 2020-09-20 01:50:23 CEST.

Flavor Version Tinstall Tcheck Ttotal Status Flags
r-devel-linux-x86_64-debian-clang 0.1.2 2.46 29.55 32.01 NOTE
r-devel-linux-x86_64-debian-gcc 0.1.2 1.90 23.50 25.40 NOTE
r-devel-linux-x86_64-fedora-clang 0.1.2 51.15 NOTE
r-devel-linux-x86_64-fedora-gcc 0.1.2 39.67 NOTE
r-devel-windows-ix86+x86_64 0.1.2 6.00 45.00 51.00 NOTE
r-patched-linux-x86_64 0.1.2 2.52 28.97 31.49 NOTE
r-patched-solaris-x86 0.1.2 62.20 NOTE
r-release-linux-x86_64 0.1.2 2.45 29.00 31.45 NOTE
r-release-macos-x86_64 0.1.2 NOTE
r-release-windows-ix86+x86_64 0.1.2 7.00 53.00 60.00 NOTE
r-oldrel-macos-x86_64 0.1.2 NOTE
r-oldrel-windows-ix86+x86_64 0.1.2 5.00 46.00 51.00 NOTE

Check Details

Version: 0.1.2
Check: DESCRIPTION meta-information
Result: NOTE
    Malformed Description field: should contain one or more complete sentences.
Flavors: r-devel-linux-x86_64-debian-clang, r-devel-linux-x86_64-debian-gcc, r-devel-linux-x86_64-fedora-clang, r-devel-linux-x86_64-fedora-gcc, r-devel-windows-ix86+x86_64, r-patched-linux-x86_64, r-patched-solaris-x86, r-release-linux-x86_64, r-release-macos-x86_64, r-release-windows-ix86+x86_64, r-oldrel-macos-x86_64, r-oldrel-windows-ix86+x86_64