CRAN Package Check Results for Package transport

Last updated on 2021-08-03 01:50:52 CEST.

Flavor Version Tinstall Tcheck Ttotal Status Flags
r-devel-linux-x86_64-debian-clang 0.12-2 100.67 76.86 177.53 OK
r-devel-linux-x86_64-debian-gcc 0.12-2 59.26 57.21 116.47 OK
r-devel-linux-x86_64-fedora-clang 0.12-2 246.29 NOTE
r-devel-linux-x86_64-fedora-gcc 0.12-2 207.04 OK
r-devel-windows-x86_64 0.12-2 87.00 107.00 194.00 OK
r-devel-windows-x86_64-gcc10-UCRT 0.12-2 OK
r-patched-linux-x86_64 0.12-2 OK
r-patched-solaris-x86 0.12-2 240.40 OK
r-release-linux-x86_64 0.12-2 77.09 72.59 149.68 OK
r-release-macos-arm64 0.12-2 NOTE
r-release-macos-x86_64 0.12-2 NOTE
r-release-windows-ix86+x86_64 0.12-2 221.00 119.00 340.00 OK
r-oldrel-macos-x86_64 0.12-2 NOTE
r-oldrel-windows-ix86+x86_64 0.12-2 166.00 154.00 320.00 OK

Check Details

Version: 0.12-2
Check: installed package size
Result: NOTE
     installed size is 5.9Mb
     sub-directories of 1Mb or more:
     libs 5.4Mb
Flavors: r-devel-linux-x86_64-fedora-clang, r-release-macos-arm64, r-release-macos-x86_64, r-oldrel-macos-x86_64