CRAN Package Check Results for Package transx

Last updated on 2022-07-26 01:58:26 CEST.

Flavor Version Tinstall Tcheck Ttotal Status Flags
r-devel-linux-x86_64-debian-clang 0.0.1 4.06 61.57 65.63 NOTE
r-devel-linux-x86_64-debian-gcc 0.0.1 3.21 45.47 48.68 NOTE
r-devel-linux-x86_64-fedora-clang 0.0.1 88.54 NOTE
r-devel-linux-x86_64-fedora-gcc 0.0.1 87.10 NOTE
r-devel-windows-x86_64 0.0.1 37.00 94.00 131.00 NOTE
r-patched-linux-x86_64 0.0.1 4.07 58.95 63.02 NOTE
r-release-linux-x86_64 0.0.1 3.93 57.61 61.54 NOTE
r-release-macos-arm64 0.0.1 29.00 NOTE
r-release-macos-x86_64 0.0.1 38.00 NOTE
r-release-windows-x86_64 0.0.1 38.00 94.00 132.00 NOTE
r-oldrel-macos-arm64 0.0.1 30.00 NOTE
r-oldrel-macos-x86_64 0.0.1 49.00 NOTE
r-oldrel-windows-ix86+x86_64 0.0.1 9.00 86.00 95.00 NOTE

Check Details

Version: 0.0.1
Check: LazyData
Result: NOTE
     'LazyData' is specified without a 'data' directory
Flavors: r-devel-linux-x86_64-debian-clang, r-devel-linux-x86_64-debian-gcc, r-devel-linux-x86_64-fedora-clang, r-devel-linux-x86_64-fedora-gcc, r-devel-windows-x86_64, r-patched-linux-x86_64, r-release-linux-x86_64, r-release-macos-arm64, r-release-macos-x86_64, r-release-windows-x86_64, r-oldrel-macos-arm64, r-oldrel-macos-x86_64, r-oldrel-windows-ix86+x86_64