CRAN Package Check Results for Package tree.interpreter

Last updated on 2023-02-06 00:52:46 CET.

Flavor Version Tinstall Tcheck Ttotal Status Flags
r-devel-linux-x86_64-debian-clang 0.1.1 46.02 53.29 99.31 NOTE
r-devel-linux-x86_64-debian-gcc 0.1.1 34.78 42.69 77.47 NOTE
r-devel-linux-x86_64-fedora-clang 0.1.1 140.62 NOTE
r-devel-linux-x86_64-fedora-gcc 0.1.1 147.58 NOTE
r-devel-windows-x86_64 0.1.1 69.00 110.00 179.00 NOTE
r-patched-linux-x86_64 0.1.1 34.64 51.94 86.58 OK
r-release-linux-x86_64 0.1.1 38.63 53.93 92.56 OK
r-release-macos-arm64 0.1.1 38.00 OK
r-release-macos-x86_64 0.1.1 51.00 OK
r-release-windows-x86_64 0.1.1 53.00 111.00 164.00 OK
r-oldrel-macos-arm64 0.1.1 44.00 OK
r-oldrel-macos-x86_64 0.1.1 72.00 OK
r-oldrel-windows-ix86+x86_64 0.1.1 105.00 130.00 235.00 OK

Check Details

Version: 0.1.1
Check: C++ specification
Result: NOTE
     Specified C++11: please update to current default of C++17
Flavors: r-devel-linux-x86_64-debian-clang, r-devel-linux-x86_64-debian-gcc, r-devel-linux-x86_64-fedora-clang, r-devel-linux-x86_64-fedora-gcc, r-devel-windows-x86_64