Last updated on 2023-06-07 08:02:05 CEST.
Flavor | Version | Tinstall | Tcheck | Ttotal | Status | Flags |
---|---|---|---|---|---|---|
r-devel-linux-x86_64-debian-clang | 0.1.8 | 5.06 | 45.84 | 50.90 | NOTE | |
r-devel-linux-x86_64-debian-gcc | 0.1.8 | 3.83 | 34.44 | 38.27 | NOTE | |
r-devel-linux-x86_64-fedora-clang | 0.1.8 | 67.24 | NOTE | |||
r-devel-linux-x86_64-fedora-gcc | 0.1.8 | 75.55 | NOTE | |||
r-devel-windows-x86_64 | 0.1.8 | 7.00 | 55.00 | 62.00 | NOTE | |
r-patched-linux-x86_64 | 0.1.8 | 4.63 | 43.43 | 48.06 | NOTE | |
r-release-linux-x86_64 | 0.1.8 | 5.39 | 42.52 | 47.91 | NOTE | |
r-release-macos-arm64 | 0.1.8 | 50.00 | NOTE | |||
r-release-macos-x86_64 | 0.1.8 | 44.00 | NOTE | |||
r-release-windows-x86_64 | 0.1.8 | 7.00 | 61.00 | 68.00 | NOTE | |
r-oldrel-macos-arm64 | 0.1.8 | 24.00 | NOTE | |||
r-oldrel-macos-x86_64 | 0.1.8 | 46.00 | NOTE | |||
r-oldrel-windows-x86_64 | 0.1.8 | 7.00 | 63.00 | 70.00 | NOTE |
Version: 0.1.8
Check: LazyData
Result: NOTE
'LazyData' is specified without a 'data' directory
Flavors: r-devel-linux-x86_64-debian-clang, r-devel-linux-x86_64-debian-gcc, r-devel-linux-x86_64-fedora-clang, r-devel-linux-x86_64-fedora-gcc, r-devel-windows-x86_64, r-patched-linux-x86_64, r-release-linux-x86_64, r-release-macos-arm64, r-release-macos-x86_64, r-release-windows-x86_64, r-oldrel-macos-arm64, r-oldrel-macos-x86_64, r-oldrel-windows-x86_64