CRAN Package Check Results for Package tricolore

Last updated on 2020-03-30 02:48:48 CEST.

Flavor Version Tinstall Tcheck Ttotal Status Flags
r-devel-linux-x86_64-debian-clang 1.2.1 ERROR
r-devel-linux-x86_64-debian-gcc 1.2.1 0.43 1.92 2.35 ERROR
r-devel-linux-x86_64-fedora-clang 1.2.1 2.58 ERROR
r-devel-linux-x86_64-fedora-gcc 1.2.1 2.65 ERROR
r-devel-windows-ix86+x86_64 1.2.1 26.00 65.00 91.00 ERROR
r-devel-windows-ix86+x86_64-gcc8 1.2.1 19.00 64.00 83.00 ERROR
r-patched-linux-x86_64 1.2.1 0.66 2.56 3.22 ERROR
r-patched-solaris-x86 1.2.1 4.80 ERROR
r-release-linux-x86_64 1.2.1 0.53 2.28 2.81 ERROR
r-release-windows-ix86+x86_64 1.2.1 27.00 98.00 125.00 ERROR
r-release-osx-x86_64 1.2.1 WARN
r-oldrel-windows-ix86+x86_64 1.2.1 15.00 103.00 118.00 ERROR
r-oldrel-osx-x86_64 1.2.1 WARN

Check Details

Version: 1.2.1
Check: package dependencies
Result: ERROR
    Package required but not available: 'ggtern'
    
    See section 'The DESCRIPTION file' in the 'Writing R Extensions'
    manual.
Flavors: r-devel-linux-x86_64-debian-clang, r-devel-linux-x86_64-debian-gcc, r-devel-linux-x86_64-fedora-clang, r-devel-linux-x86_64-fedora-gcc, r-patched-linux-x86_64, r-patched-solaris-x86, r-release-linux-x86_64

Version: 1.2.1
Check: examples
Result: ERROR
    Running examples in 'tricolore-Ex.R' failed
    The error most likely occurred in:
    
    > ### Name: ColorKeySextant
    > ### Title: Sextant Scheme Legend
    > ### Aliases: ColorKeySextant
    > ### Keywords: internal
    >
    > ### ** Examples
    >
    > tricolore:::ColorKeySextant(center = prop.table(runif(3)),
    + values = c('#01A0C6', '#B8B3D8', '#F11D8C',
    + '#FFB3B3', '#FFFF00', '#B3DCC3'),
    + label_as = 'pct_diff', show_center = TRUE)
    Error in (function (el, elname) :
     "plot.title.position" is not a valid theme element name.
    Calls: <Anonymous> ... update_theme -> do.call -> <Anonymous> -> mapply -> <Anonymous>
    Execution halted
Flavors: r-devel-windows-ix86+x86_64, r-devel-windows-ix86+x86_64-gcc8, r-release-windows-ix86+x86_64, r-oldrel-windows-ix86+x86_64

Version: 1.2.1
Check: tests
Result: ERROR
     Running 'testthat.R' [3s]
    Running the tests in 'tests/testthat.R' failed.
    Complete output:
     > library(testthat)
     > library(tricolore)
     >
     > test_check('tricolore')
     -- 1. Error: NA, Inf, NaNs in input return NA in output (@test-global.R#82) ---
     "plot.title.position" is not a valid theme element name.
     Backtrace:
     1. tricolore::Tricolore(P, "a", "b", "c", breaks = Inf)
     2. tricolore:::ColorKeyTricolore(...)
     3. tricolore:::BasicKey(...)
     4. ggtern:::`+.gg`(...)
     5. ggtern:::add_ggplot(e1, e2, e2name)
     6. ggtern:::update_theme(p$theme, object)
     9. base::mapply(validate_element, elements, names(elements))
    
     == testthat results ===========================================================
     [ OK: 33 | SKIPPED: 0 | WARNINGS: 0 | FAILED: 1 ]
     1. Error: NA, Inf, NaNs in input return NA in output (@test-global.R#82)
    
     Error: testthat unit tests failed
     Execution halted
Flavors: r-devel-windows-ix86+x86_64, r-devel-windows-ix86+x86_64-gcc8

Version: 1.2.1
Check: re-building of vignette outputs
Result: WARN
    Error(s) in re-building vignettes:
    --- re-building 'choropleth_maps_with_tricolore.Rmd' using rmarkdown
    Quitting from lines 48-50 (choropleth_maps_with_tricolore.Rmd)
    Error: processing vignette 'choropleth_maps_with_tricolore.Rmd' failed with diagnostics:
    "plot.title.position" is not a valid theme element name.
    --- failed re-building 'choropleth_maps_with_tricolore.Rmd'
    
    SUMMARY: processing the following file failed:
     'choropleth_maps_with_tricolore.Rmd'
    
    Error: Vignette re-building failed.
    Execution halted
Flavors: r-devel-windows-ix86+x86_64, r-devel-windows-ix86+x86_64-gcc8, r-release-windows-ix86+x86_64

Version: 1.2.1
Check: tests
Result: ERROR
     Running 'testthat.R' [5s]
    Running the tests in 'tests/testthat.R' failed.
    Complete output:
     > library(testthat)
     > library(tricolore)
     >
     > test_check('tricolore')
     -- 1. Error: NA, Inf, NaNs in input return NA in output (@test-global.R#82) ---
     "plot.title.position" is not a valid theme element name.
     Backtrace:
     1. tricolore::Tricolore(P, "a", "b", "c", breaks = Inf)
     2. tricolore:::ColorKeyTricolore(...)
     3. tricolore:::BasicKey(...)
     4. ggtern:::`+.gg`(...)
     5. ggtern:::add_ggplot(e1, e2, e2name)
     6. ggtern:::update_theme(p$theme, object)
     9. base::mapply(validate_element, elements, names(elements))
    
     == testthat results ===========================================================
     [ OK: 33 | SKIPPED: 0 | WARNINGS: 0 | FAILED: 1 ]
     1. Error: NA, Inf, NaNs in input return NA in output (@test-global.R#82)
    
     Error: testthat unit tests failed
     Execution halted
Flavor: r-release-windows-ix86+x86_64

Version: 1.2.1
Check: re-building of vignette outputs
Result: WARN
    Error(s) in re-building vignettes:
     ...
    --- re-building ‘choropleth_maps_with_tricolore.Rmd’ using rmarkdown
    Warning in engine$weave(file, quiet = quiet, encoding = enc) :
     Pandoc (>= 1.12.3) and/or pandoc-citeproc not available. Falling back to R Markdown v1.
    Quitting from lines 130-139 (choropleth_maps_with_tricolore.Rmd)
    Error: processing vignette 'choropleth_maps_with_tricolore.Rmd' failed with diagnostics:
    cannot open the connection
    --- failed re-building ‘choropleth_maps_with_tricolore.Rmd’
    
    SUMMARY: processing the following file failed:
     ‘choropleth_maps_with_tricolore.Rmd’
    
    Error: Vignette re-building failed.
    Execution halted
Flavor: r-release-osx-x86_64

Version: 1.2.1
Check: tests
Result: ERROR
     Running 'testthat.R' [4s]
    Running the tests in 'tests/testthat.R' failed.
    Complete output:
     > library(testthat)
     > library(tricolore)
     >
     > test_check('tricolore')
     -- 1. Error: NA, Inf, NaNs in input return NA in output (@test-global.R#82) ---
     "plot.title.position" is not a valid theme element name.
     Backtrace:
     1. tricolore::Tricolore(P, "a", "b", "c", breaks = Inf)
     2. tricolore:::ColorKeyTricolore(...)
     3. tricolore:::BasicKey(...)
     4. ggtern:::`+.gg`(...)
     5. ggtern:::add_ggplot(e1, e2, e2name)
     6. ggtern:::update_theme(p$theme, object)
     9. base::mapply(validate_element, elements, names(elements))
    
     == testthat results ===========================================================
     [ OK: 33 | SKIPPED: 0 | WARNINGS: 0 | FAILED: 1 ]
     1. Error: NA, Inf, NaNs in input return NA in output (@test-global.R#82)
    
     Error: testthat unit tests failed
     Execution halted
Flavor: r-oldrel-windows-ix86+x86_64

Version: 1.2.1
Check: re-building of vignette outputs
Result: WARN
    Error in re-building vignettes:
     ...
    Quitting from lines 48-50 (choropleth_maps_with_tricolore.Rmd)
    Error: processing vignette 'choropleth_maps_with_tricolore.Rmd' failed with diagnostics:
    "plot.title.position" is not a valid theme element name.
    Execution halted
Flavor: r-oldrel-windows-ix86+x86_64

Version: 1.2.1
Check: re-building of vignette outputs
Result: WARN
    Error in re-building vignettes:
     ...
    Warning in engine$weave(file, quiet = quiet, encoding = enc) :
     Pandoc (>= 1.12.3) and/or pandoc-citeproc not available. Falling back to R Markdown v1.
    Quitting from lines 130-139 (choropleth_maps_with_tricolore.Rmd)
    Error: processing vignette 'choropleth_maps_with_tricolore.Rmd' failed with diagnostics:
    cannot open the connection
    Execution halted
Flavor: r-oldrel-osx-x86_64