CRAN Package Check Results for Package trimTrees

Last updated on 2020-03-30 02:48:48 CEST.

Flavor Version Tinstall Tcheck Ttotal Status Flags
r-devel-linux-x86_64-debian-clang 1.2 WARN
r-devel-linux-x86_64-debian-gcc 1.2 5.52 29.00 34.52 NOTE
r-devel-linux-x86_64-fedora-clang 1.2 57.74 WARN
r-devel-linux-x86_64-fedora-gcc 1.2 52.19 NOTE
r-devel-windows-ix86+x86_64 1.2 24.00 74.00 98.00 NOTE
r-devel-windows-ix86+x86_64-gcc8 1.2 20.00 70.00 90.00 NOTE
r-patched-linux-x86_64 1.2 6.19 36.10 42.29 NOTE
r-patched-solaris-x86 1.2 99.50 NOTE
r-release-linux-x86_64 1.2 5.56 34.29 39.85 NOTE
r-release-windows-ix86+x86_64 1.2 33.00 78.00 111.00 NOTE
r-release-osx-x86_64 1.2 NOTE
r-oldrel-windows-ix86+x86_64 1.2 25.00 97.00 122.00 NOTE
r-oldrel-osx-x86_64 1.2 NOTE

Check Details

Version: 1.2
Check: whether package can be installed
Result: WARN
    Found the following significant warnings:
     rfmod.c:467:1: warning: expression result unused [-Wunused-value]
Flavors: r-devel-linux-x86_64-debian-clang, r-devel-linux-x86_64-fedora-clang

Version: 1.2
Check: R code for possible problems
Result: NOTE
    cinbag: no visible global function definition for 'var'
    trimTrees: no visible global function definition for 'predict'
    Undefined global functions or variables:
     predict var
    Consider adding
     importFrom("stats", "predict", "var")
    to your NAMESPACE file.
Flavors: r-devel-linux-x86_64-debian-clang, r-devel-linux-x86_64-debian-gcc, r-devel-linux-x86_64-fedora-clang, r-devel-linux-x86_64-fedora-gcc, r-devel-windows-ix86+x86_64, r-devel-windows-ix86+x86_64-gcc8, r-patched-linux-x86_64, r-patched-solaris-x86, r-release-linux-x86_64, r-release-windows-ix86+x86_64, r-release-osx-x86_64, r-oldrel-windows-ix86+x86_64, r-oldrel-osx-x86_64

Version: 1.2
Check: compiled code
Result: NOTE
    File ‘trimTrees/libs/trimTrees.so’:
     Found no calls to: ‘R_registerRoutines’, ‘R_useDynamicSymbols’
    
    It is good practice to register native routines and to disable symbol
    search.
    
    See ‘Writing portable packages’ in the ‘Writing R Extensions’ manual.
Flavors: r-devel-linux-x86_64-fedora-clang, r-devel-linux-x86_64-fedora-gcc