CRAN Package Check Results for Package tripack

Last updated on 2020-08-06 02:09:42 CEST.

Flavor Version Tinstall Tcheck Ttotal Status Flags
r-devel-linux-x86_64-debian-clang 1.3-9.1 7.08 32.33 39.41 OK
r-devel-linux-x86_64-debian-gcc 1.3-9.1 6.05 24.68 30.73 OK
r-devel-linux-x86_64-fedora-clang 1.3-9.1 55.56 NOTE
r-devel-linux-x86_64-fedora-gcc 1.3-9.1 46.01 OK
r-devel-windows-ix86+x86_64 1.3-9.1 25.00 54.00 79.00 OK
r-patched-linux-x86_64 1.3-9.1 6.96 31.63 38.59 OK
r-patched-solaris-x86 1.3-9.1 67.80 OK
r-release-linux-x86_64 1.3-9.1 6.72 31.61 38.33 OK
r-release-macos-x86_64 1.3-9.1 OK
r-release-windows-ix86+x86_64 1.3-9.1 20.00 52.00 72.00 OK
r-oldrel-macos-x86_64 1.3-9.1 OK
r-oldrel-windows-ix86+x86_64 1.3-9.1 32.00 71.00 103.00 OK

Check Details

Version: 1.3-9.1
Check: Rd cross-references
Result: NOTE
    Undeclared package ‘akima’ in Rd xrefs
Flavor: r-devel-linux-x86_64-fedora-clang