CRAN Package Check Results for Package tripack

Last updated on 2023-05-28 07:57:44 CEST.

Flavor Version Tinstall Tcheck Ttotal Status Flags
r-devel-linux-x86_64-debian-clang 1.3-9.1 8.44 39.12 47.56 OK
r-devel-linux-x86_64-debian-gcc 1.3-9.1 7.10 29.73 36.83 OK
r-devel-linux-x86_64-fedora-clang 1.3-9.1 62.28 NOTE
r-devel-linux-x86_64-fedora-gcc 1.3-9.1 58.55 OK
r-devel-windows-x86_64 1.3-9.1 12.00 64.00 76.00 OK
r-patched-linux-x86_64 1.3-9.1 8.60 37.26 45.86 OK
r-release-linux-x86_64 1.3-9.1 7.30 37.35 44.65 OK
r-release-macos-arm64 1.3-9.1 25.00 OK
r-release-macos-x86_64 1.3-9.1 37.00 OK
r-release-windows-x86_64 1.3-9.1 11.00 75.00 86.00 OK
r-oldrel-macos-arm64 1.3-9.1 27.00 OK
r-oldrel-macos-x86_64 1.3-9.1 32.00 OK
r-oldrel-windows-x86_64 1.3-9.1 20.00 60.00 80.00 OK

Check Details

Version: 1.3-9.1
Check: Rd cross-references
Result: NOTE
    Undeclared package ‘akima’ in Rd xrefs
Flavor: r-devel-linux-x86_64-fedora-clang