CRAN Package Check Results for Package tripack

Last updated on 2022-09-29 01:51:00 CEST.

Flavor Version Tinstall Tcheck Ttotal Status Flags
r-devel-linux-x86_64-debian-clang 1.3-9.1 8.16 38.26 46.42 OK
r-devel-linux-x86_64-debian-gcc 1.3-9.1 6.26 29.80 36.06 OK
r-devel-linux-x86_64-fedora-clang 1.3-9.1 69.68 NOTE
r-devel-linux-x86_64-fedora-gcc 1.3-9.1 68.67 OK
r-devel-windows-x86_64 1.3-9.1 34.00 78.00 112.00 OK
r-patched-linux-x86_64 1.3-9.1 8.47 37.01 45.48 OK
r-release-linux-x86_64 1.3-9.1 6.48 36.00 42.48 OK
r-release-macos-arm64 1.3-9.1 25.00 OK
r-release-macos-x86_64 1.3-9.1 32.00 OK
r-release-windows-x86_64 1.3-9.1 20.00 60.00 80.00 OK
r-oldrel-macos-arm64 1.3-9.1 30.00 OK
r-oldrel-macos-x86_64 1.3-9.1 44.00 OK
r-oldrel-windows-ix86+x86_64 1.3-9.1 22.00 51.00 73.00 OK

Check Details

Version: 1.3-9.1
Check: Rd cross-references
Result: NOTE
    Undeclared package ‘akima’ in Rd xrefs
Flavor: r-devel-linux-x86_64-fedora-clang