CRAN Package Check Results for Package truthiness

Last updated on 2021-12-06 00:48:45 CET.

Flavor Version Tinstall Tcheck Ttotal Status Flags
r-devel-linux-x86_64-debian-clang 1.2.5 5.93 93.38 99.31 OK
r-devel-linux-x86_64-debian-gcc 1.2.5 4.01 76.26 80.27 OK
r-devel-linux-x86_64-fedora-clang 1.2.5 122.31 NOTE
r-devel-linux-x86_64-fedora-gcc 1.2.5 107.31 NOTE
r-devel-windows-x86_64-new-UL 1.2.5 17.00 187.00 204.00 OK
r-devel-windows-x86_64-new-TK 1.2.5 NOTE
r-devel-windows-x86_64-old 1.2.5 13.00 86.00 99.00 OK
r-patched-linux-x86_64 1.2.5 6.31 80.33 86.64 OK
r-release-linux-x86_64 1.2.5 5.12 89.02 94.14 OK
r-release-macos-arm64 1.2.5 NOTE
r-release-macos-x86_64 1.2.5 NOTE
r-release-windows-ix86+x86_64 1.2.5 13.00 115.00 128.00 OK
r-oldrel-macos-x86_64 1.2.5 NOTE
r-oldrel-windows-ix86+x86_64 1.2.5 13.00 134.00 147.00 OK

Check Details

Version: 1.2.5
Check: dependencies in R code
Result: NOTE
    Namespaces in Imports field not imported from:
     ‘DT’ ‘ez’ ‘forcats’ ‘ggplot2’
     All declared Imports should be used.
Flavors: r-devel-linux-x86_64-fedora-clang, r-devel-linux-x86_64-fedora-gcc, r-devel-windows-x86_64-new-TK, r-release-macos-arm64, r-release-macos-x86_64, r-oldrel-macos-x86_64

Version: 1.2.5
Check: data for non-ASCII characters
Result: NOTE
     Note: found 118 marked UTF-8 strings
Flavors: r-devel-linux-x86_64-fedora-clang, r-devel-linux-x86_64-fedora-gcc, r-devel-windows-x86_64-new-TK, r-release-macos-arm64, r-release-macos-x86_64, r-oldrel-macos-x86_64