CRAN Package Check Results for Package tsfknn

Last updated on 2019-10-20 01:47:04 CEST.

Flavor Version Tinstall Tcheck Ttotal Status Flags
r-devel-linux-x86_64-debian-clang 0.3.0 4.02 47.27 51.29 OK
r-devel-linux-x86_64-debian-gcc 0.3.0 3.29 37.05 40.34 OK
r-devel-linux-x86_64-fedora-clang 0.3.0 62.86 OK
r-devel-linux-x86_64-fedora-gcc 0.3.0 60.17 OK
r-devel-windows-ix86+x86_64 0.3.0 11.00 87.00 98.00 OK
r-patched-linux-x86_64 0.3.0 3.65 44.87 48.52 OK
r-patched-solaris-x86 0.3.0 85.40 OK
r-release-linux-x86_64 0.3.0 3.63 45.47 49.10 OK
r-release-windows-ix86+x86_64 0.3.0 12.00 98.00 110.00 OK
r-release-osx-x86_64 0.3.0 OK
r-oldrel-windows-ix86+x86_64 0.2.0 11.00 82.00 93.00 OK
r-oldrel-osx-x86_64 0.3.0 ERROR

Check Details

Version: 0.3.0
Check: whether package can be installed
Result: ERROR
    Installation failed.
Flavor: r-oldrel-osx-x86_64