CRAN Package Check Results for Package tsintermittent

Last updated on 2022-01-16 01:07:17 CET.

Flavor Version Tinstall Tcheck Ttotal Status Flags
r-devel-linux-x86_64-debian-clang 1.9 10.17 95.99 106.16 OK
r-devel-linux-x86_64-debian-gcc 1.9 8.52 72.65 81.17 OK
r-devel-linux-x86_64-fedora-clang 1.9 134.03 OK
r-devel-linux-x86_64-fedora-gcc 1.9 109.69 OK
r-devel-windows-x86_64-new-UL 1.9 73.00 114.00 187.00 OK
r-devel-windows-x86_64-new-TK 1.9 ERROR
r-patched-linux-x86_64 1.9 9.98 89.45 99.43 OK
r-release-linux-x86_64 1.9 9.72 87.97 97.69 OK
r-release-macos-arm64 1.9 OK
r-release-macos-x86_64 1.9 OK
r-release-windows-ix86+x86_64 1.9 25.00 111.00 136.00 OK
r-oldrel-macos-x86_64 1.9 OK
r-oldrel-windows-ix86+x86_64 1.9 25.00 114.00 139.00 OK

Check Details

Version: 1.9
Check: package dependencies
Result: ERROR
    Package required but not available: 'MAPA'
    
    See section 'The DESCRIPTION file' in the 'Writing R Extensions'
    manual.
Flavor: r-devel-windows-x86_64-new-TK