CRAN Package Check Results for Package tsoutliers

Last updated on 2020-07-15 02:47:13 CEST.

Flavor Version Tinstall Tcheck Ttotal Status Flags
r-devel-linux-x86_64-debian-clang 0.6-8 7.62 76.04 83.66 OK
r-devel-linux-x86_64-debian-gcc 0.6-8 6.78 58.13 64.91 OK
r-devel-linux-x86_64-fedora-clang 0.6-8 110.59 NOTE
r-devel-linux-x86_64-fedora-gcc 0.6-8 105.89 OK
r-devel-windows-ix86+x86_64 0.6-8 26.00 94.00 120.00 OK
r-patched-linux-x86_64 0.6-8 7.54 76.57 84.11 OK
r-patched-solaris-x86 0.6-8 147.10 OK
r-release-linux-x86_64 0.6-8 7.99 73.37 81.36 OK
r-release-macos-x86_64 0.6-8 ERROR
r-release-windows-ix86+x86_64 0.6-8 26.00 93.00 119.00 OK
r-oldrel-macos-x86_64 0.6-8 OK
r-oldrel-windows-ix86+x86_64 0.6-8 24.00 131.00 155.00 OK

Check Details

Version: 0.6-8
Check: Rd cross-references
Result: NOTE
    Undeclared package ‘tseries’ in Rd xrefs
Flavor: r-devel-linux-x86_64-fedora-clang

Version: 0.6-8
Check: whether package can be installed
Result: ERROR
    Installation failed.
Flavor: r-release-macos-x86_64